{"id":25,"date":"2020-06-30T20:20:14","date_gmt":"2020-07-01T00:20:14","guid":{"rendered":"http:\/\/natsci.uprrp.edu\/proyectos\/?page_id=25"},"modified":"2020-07-11T20:54:21","modified_gmt":"2020-07-12T00:54:21","slug":"jonathan-lopez","status":"publish","type":"page","link":"https:\/\/natsci.uprrp.edu\/proyectos\/integrantes\/jonathan-lopez\/","title":{"rendered":"Jonathan L\u00f3pez"},"content":{"rendered":"<h1>Jonathan A. L\u00f3pez Col\u00f3n, MS<\/h1>\n<h5>PhD &#8211; Graduate Student &#8211; UPRRP<\/h5>\n<p>&nbsp;<\/p>\n<p class=\"font_8\"><img loading=\"lazy\" decoding=\"async\" class=\" softcorners-image wp-image-47 alignright\" src=\"http:\/\/natsci.uprrp.edu\/proyectos\/wp-content\/uploads\/sites\/16\/2020\/06\/IMG_4672-286x300.jpg\" alt=\"\" width=\"385\" height=\"404\" srcset=\"https:\/\/natsci.uprrp.edu\/proyectos\/wp-content\/uploads\/sites\/16\/2020\/06\/IMG_4672-286x300.jpg 286w, https:\/\/natsci.uprrp.edu\/proyectos\/wp-content\/uploads\/sites\/16\/2020\/06\/IMG_4672.jpg 750w\" sizes=\"auto, (max-width: 385px) 100vw, 385px\" \/>Estudiante Doctoral en Biolog\u00eda con \u00e9nfasis en Ecolog\u00eda, Evoluci\u00f3n y Biodiversidad de la Universidad de Puerto Rico Recinto de R\u00edo Piedras. Posee un grado de Maestr\u00eda en Gerencia Ambiental con concentraci\u00f3n en Conservaci\u00f3n y Manejo de Recursos Naturales, adem\u00e1s de un Bachillerato en ciencias con concentraci\u00f3n en Biolog\u00eda. Es parte de la facultad del Programa Graduado de la Escuela de Ciencia, Tecnolog\u00eda y Ambiente de la Universidad Metropolitana de Cupey.<\/p>\n<p class=\"font_8\">Trabaja en conjunto con el Proyecto Chelonia\u00a0y el DRNA, la investigaci\u00f3n y conservaci\u00f3n de Tortugas Marinas. Adem\u00e1s colabora en\u00a0un proyecto de conservaci\u00f3n de Tinglares en la La Reserva Playa Grande El Para\u00edso en Dorado, PR.\u00a0En el pasado ha trabajado, en conjunto con el Proyecto Carey,\u00a0en la conservaci\u00f3n y riqueza de la especie\u00a0<em>Eretmochelys imbricata<\/em>\u00a0en la isla de Mona.\u00a0<span class=\"wixGuard\">\u200b<\/span><\/p>\n<p class=\"font_8\">Sus intereses principales son las especies en peligro de extinci\u00f3n. Enfocando su\u00a0l\u00ednea de investigaci\u00f3n\u00a0en la especie de planta<em> Chamaecrista glandulosa var. mirabilis<\/em>. Por ello,\u00a0su tesis de maestr\u00eda investigaba\u00a0la fenolog\u00eda, ecolog\u00eda de polinizaci\u00f3n y \u00e9xito reproductivo de dicha planta.\u00a0Actualmente se encuentra trabajando, como parte de sus tesis doctoral, la din\u00e1mica poblacional, procesos demogr\u00e1ficos e interacciones entre <em>Chamaecrista\u00a0dlandulosa var. mirabilis<\/em> y especies invasoras en la Reserva Natural Laguna Tortuguero en Vega Baja, Puerto Rico.<\/p>\n<h5>Roll in the team:<span style=\"color: #c61300\"> Flight Controller, Mission Observer\u00a0<\/span><\/h5>\n","protected":false},"excerpt":{"rendered":"<p>Jonathan A. L\u00f3pez Col\u00f3n, MS PhD &#8211; Graduate Student &#8211; UPRRP &nbsp; Estudiante Doctoral en Biolog\u00eda con \u00e9nfasis en Ecolog\u00eda, Evoluci\u00f3n y Biodiversidad de la Universidad de Puerto Rico Recinto de R\u00edo Piedras. Posee un grado de Maestr\u00eda en Gerencia Ambiental con concentraci\u00f3n en Conservaci\u00f3n y Manejo de Recursos Naturales, adem\u00e1s de un Bachillerato en<\/p>\n<div class=\"read-more\"><a href=\"https:\/\/natsci.uprrp.edu\/proyectos\/integrantes\/jonathan-lopez\/\" title=\"Read More\">Read More<\/a><\/div>\n","protected":false},"author":24,"featured_media":0,"parent":17,"menu_order":0,"comment_status":"closed","ping_status":"closed","template":"page-blocks.php","meta":{"rs_blank_template":"","rs_page_bg_color":"","slide_template_v7":"","footnotes":""},"class_list":["post-25","page","type-page","status-publish"],"_links":{"self":[{"href":"https:\/\/natsci.uprrp.edu\/proyectos\/wp-json\/wp\/v2\/pages\/25","targetHints":{"allow":["GET"]}}],"collection":[{"href":"https:\/\/natsci.uprrp.edu\/proyectos\/wp-json\/wp\/v2\/pages"}],"about":[{"href":"https:\/\/natsci.uprrp.edu\/proyectos\/wp-json\/wp\/v2\/types\/page"}],"author":[{"embeddable":true,"href":"https:\/\/natsci.uprrp.edu\/proyectos\/wp-json\/wp\/v2\/users\/24"}],"replies":[{"embeddable":true,"href":"https:\/\/natsci.uprrp.edu\/proyectos\/wp-json\/wp\/v2\/comments?post=25"}],"version-history":[{"count":12,"href":"https:\/\/natsci.uprrp.edu\/proyectos\/wp-json\/wp\/v2\/pages\/25\/revisions"}],"predecessor-version":[{"id":304,"href":"https:\/\/natsci.uprrp.edu\/proyectos\/wp-json\/wp\/v2\/pages\/25\/revisions\/304"}],"up":[{"embeddable":true,"href":"https:\/\/natsci.uprrp.edu\/proyectos\/wp-json\/wp\/v2\/pages\/17"}],"wp:attachment":[{"href":"https:\/\/natsci.uprrp.edu\/proyectos\/wp-json\/wp\/v2\/media?parent=25"}],"curies":[{"name":"wp","href":"https:\/\/api.w.org\/{rel}","templated":true}]}}