{"id":137,"date":"2018-06-19T17:47:32","date_gmt":"2018-06-19T21:47:32","guid":{"rendered":"http:\/\/natsci.uprrp.edu\/nutricion\/?page_id=137"},"modified":"2024-10-23T12:03:08","modified_gmt":"2024-10-23T16:03:08","slug":"student-associations","status":"publish","type":"page","link":"https:\/\/natsci.uprrp.edu\/nutricion\/student-associations\/","title":{"rendered":"DPD &#8211; STUDENT ORGANIZATIONS"},"content":{"rendered":"\t\t<div data-elementor-type=\"wp-page\" data-elementor-id=\"137\" class=\"elementor elementor-137\">\n\t\t\t\t\t\t<section class=\"elementor-section elementor-top-section elementor-element elementor-element-0d22f23 elementor-section-boxed elementor-section-height-default elementor-section-height-default\" data-id=\"0d22f23\" data-element_type=\"section\" data-e-type=\"section\">\n\t\t\t\t\t\t<div class=\"elementor-container elementor-column-gap-default\">\n\t\t\t\t\t<div class=\"elementor-column elementor-col-50 elementor-top-column elementor-element elementor-element-e9690ae\" data-id=\"e9690ae\" data-element_type=\"column\" data-e-type=\"column\">\n\t\t\t<div class=\"elementor-widget-wrap elementor-element-populated\">\n\t\t\t\t\t\t<div class=\"elementor-element elementor-element-71e1c6f elementor-widget elementor-widget-text-editor\" data-id=\"71e1c6f\" data-element_type=\"widget\" data-e-type=\"widget\" data-widget_type=\"text-editor.default\">\n\t\t\t\t<div class=\"elementor-widget-container\">\n\t\t\t\t\t\t\t\t\t<h3><em><strong>C\u00edrculo de Diet\u00e9tica<\/strong><\/em><\/h3><p><a href=\"http:\/\/natsci.uprrp.edu\/nutricion\/wp-content\/uploads\/sites\/8\/2018\/06\/logo-circulo-dietetica.jpg\"><img decoding=\"async\" class=\"alignleft wp-image-198\" src=\"http:\/\/natsci.uprrp.edu\/nutricion\/wp-content\/uploads\/sites\/8\/2018\/06\/logo-circulo-dietetica-150x150.jpg\" alt=\"C\u00edrculo de Diet\u00e9tica Logo \" width=\"141\" height=\"141\" srcset=\"https:\/\/natsci.uprrp.edu\/nutricion\/wp-content\/uploads\/sites\/8\/2018\/06\/logo-circulo-dietetica-150x150.jpg 150w, https:\/\/natsci.uprrp.edu\/nutricion\/wp-content\/uploads\/sites\/8\/2018\/06\/logo-circulo-dietetica-13x12.jpg 13w\" sizes=\"(max-width: 141px) 100vw, 141px\" \/><\/a><br \/>The <em>C\u00edrculo de Diet\u00e9tica<\/em> is the Nutrition and Dietetics student organization under the advising of Dr. Celia Mir. The organization hosts social and academic activities for nutrition and dietetics students and participate in community-based activities promoting healthy eating habits.<\/p><p>Email: <a href=\"mailto:circulonutricionupr@gmail.com\">circulonutricionupr@gmail.com<\/a><br \/>\u00a0 \u00a0 \u00a0 \u00a0 \u00a0 \u00a0 \u00a0 \u00a0 \u00a0 \u00a0 \u00a0 \u00a0 \u00a0 \u00a0 \u00a0 \u00a0 \u00a0 \u00a0 \u00a0 \u00a0 \u00a0 \u00a0 Facebook:\u00a0<a href=\"https:\/\/www.facebook.com\/circulonutricionupr\/?ref=br_rs\" target=\"_blank\" rel=\"noopener noreferrer\">https:\/\/www.facebook.com\/circulonutricionupr\/?ref=br_rs<\/a><\/p><hr \/><h3><strong>Nutrition Journal Club<\/strong><\/h3><p><a href=\"http:\/\/natsci.uprrp.edu\/nutricion\/wp-content\/uploads\/sites\/8\/2018\/06\/logo-nutrition-journal-club.jpg\"><img decoding=\"async\" class=\"alignleft wp-image-195 size-full\" src=\"https:\/\/natsci.uprrp.edu\/nutricion\/wp-content\/uploads\/sites\/8\/2018\/06\/logo-nutrition-journal-club.jpg\" alt=\"Nutrition Journal Club Logo \" width=\"160\" height=\"160\" srcset=\"https:\/\/natsci.uprrp.edu\/nutricion\/wp-content\/uploads\/sites\/8\/2018\/06\/logo-nutrition-journal-club.jpg 160w, https:\/\/natsci.uprrp.edu\/nutricion\/wp-content\/uploads\/sites\/8\/2018\/06\/logo-nutrition-journal-club-150x150.jpg 150w, https:\/\/natsci.uprrp.edu\/nutricion\/wp-content\/uploads\/sites\/8\/2018\/06\/logo-nutrition-journal-club-12x12.jpg 12w\" sizes=\"(max-width: 160px) 100vw, 160px\" \/><\/a>The <em>Nutrition Journal Club<\/em> serves as a resource to promote the pursuit of knowledge and help students be informed of the scientific advances and controversies in nutrition and dietetics. Students from the organization coordinate scientific article presentations, invite speakers and host informal conversations and debates on topics of utmost importance in direct relation to our profession.<\/p><p>Email: <a href=\"mailto:njcuprrp@gmail.com\">njcuprrp@gmail.com<\/a><br \/>Facebook:<a href=\"https:\/\/www.facebook.com\/njcuprrp\/?fref=ts\" target=\"_blank\" rel=\"noopener noreferrer\"> https:\/\/www.facebook.com\/njcuprrp\/?fref=ts<\/a><\/p>\t\t\t\t\t\t\t\t<\/div>\n\t\t\t\t<\/div>\n\t\t\t\t\t<\/div>\n\t\t<\/div>\n\t\t\t\t<div class=\"elementor-column elementor-col-50 elementor-top-column elementor-element elementor-element-9f3248c\" data-id=\"9f3248c\" data-element_type=\"column\" data-e-type=\"column\">\n\t\t\t<div class=\"elementor-widget-wrap elementor-element-populated\">\n\t\t\t\t\t\t<div class=\"elementor-element elementor-element-5737945 elementor-widget__width-initial elementor-widget elementor-widget-thim-navigation-menu\" data-id=\"5737945\" data-element_type=\"widget\" data-e-type=\"widget\" data-widget_type=\"thim-navigation-menu.default\">\n\t\t\t\t<div class=\"elementor-widget-container\">\n\t\t\t\t\t<div class=\"thim-widget-navigation-menu template-navigation-menu\"><div class=\"widget widget_nav_menu\"><h4 class=\"widget-title\">Undergraduate<\/h4><div class=\"menu-undergraduate-level2-container\"><ul id=\"menu-undergraduate-level2\" class=\"menu\"><li id=\"menu-item-5407\" class=\"menu-item menu-item-type-post_type menu-item-object-page menu-item-5407 tc-menu-item tc-menu-depth-0 tc-menu-align-left tc-menu-layout-default\"><a href=\"https:\/\/natsci.uprrp.edu\/nutricion\/academic-calendar\/\" class=\"tc-menu-inner\">ACADEMIC CALENDAR<\/a><\/li>\n<li id=\"menu-item-5408\" class=\"menu-item menu-item-type-post_type menu-item-object-page menu-item-5408 tc-menu-item tc-menu-depth-0 tc-menu-align-left tc-menu-layout-default\"><a href=\"https:\/\/natsci.uprrp.edu\/nutricion\/academic-distinctions\/\" class=\"tc-menu-inner\">ACADEMIC DISTINCTIONS<\/a><\/li>\n<li id=\"menu-item-5409\" class=\"menu-item menu-item-type-post_type menu-item-object-page menu-item-5409 tc-menu-item tc-menu-depth-0 tc-menu-align-left tc-menu-layout-default\"><a href=\"https:\/\/natsci.uprrp.edu\/nutricion\/accreditation\/\" class=\"tc-menu-inner\">ACCREDITATION<\/a><\/li>\n<li id=\"menu-item-5410\" class=\"menu-item menu-item-type-post_type menu-item-object-page menu-item-5410 tc-menu-item tc-menu-depth-0 tc-menu-align-left tc-menu-layout-default\"><a href=\"https:\/\/natsci.uprrp.edu\/nutricion\/admission\/\" class=\"tc-menu-inner\">ADMISSION<\/a><\/li>\n<li id=\"menu-item-5411\" class=\"menu-item menu-item-type-post_type menu-item-object-page menu-item-5411 tc-menu-item tc-menu-depth-0 tc-menu-align-left tc-menu-layout-default\"><a href=\"https:\/\/natsci.uprrp.edu\/nutricion\/becoming-a-registered-dietitian-nutritionist-rdn\/\" class=\"tc-menu-inner\">BECOMING A REGISTERED DIETITIAN NUTRITIONIST (RDN)<\/a><\/li>\n<li id=\"menu-item-5412\" class=\"menu-item menu-item-type-post_type menu-item-object-page menu-item-5412 tc-menu-item tc-menu-depth-0 tc-menu-align-left tc-menu-layout-default\"><a href=\"https:\/\/natsci.uprrp.edu\/nutricion\/costs\/\" class=\"tc-menu-inner\">COSTS<\/a><\/li>\n<li id=\"menu-item-5413\" class=\"menu-item menu-item-type-post_type menu-item-object-page menu-item-5413 tc-menu-item tc-menu-depth-0 tc-menu-align-left tc-menu-layout-default\"><a href=\"https:\/\/natsci.uprrp.edu\/nutricion\/courses\/\" class=\"tc-menu-inner\">COURSES<\/a><\/li>\n<li id=\"menu-item-5414\" class=\"menu-item menu-item-type-post_type menu-item-object-page menu-item-5414 tc-menu-item tc-menu-depth-0 tc-menu-align-left tc-menu-layout-default\"><a href=\"https:\/\/natsci.uprrp.edu\/nutricion\/curriculo\/\" class=\"tc-menu-inner\">CURRICULUM<\/a><\/li>\n<li id=\"menu-item-5415\" class=\"menu-item menu-item-type-post_type menu-item-object-page menu-item-5415 tc-menu-item tc-menu-depth-0 tc-menu-align-left tc-menu-layout-default\"><a href=\"https:\/\/natsci.uprrp.edu\/nutricion\/distance-education\/\" class=\"tc-menu-inner\">DISTANCE EDUCATION<\/a><\/li>\n<li id=\"menu-item-5416\" class=\"menu-item menu-item-type-post_type menu-item-object-page menu-item-5416 tc-menu-item tc-menu-depth-0 tc-menu-align-left tc-menu-layout-default\"><a href=\"https:\/\/natsci.uprrp.edu\/nutricion\/educational-services\/\" class=\"tc-menu-inner\">EDUCATIONAL SERVICES<\/a><\/li>\n<li id=\"menu-item-5417\" class=\"menu-item menu-item-type-post_type menu-item-object-page menu-item-5417 tc-menu-item tc-menu-depth-0 tc-menu-align-left tc-menu-layout-default\"><a href=\"https:\/\/natsci.uprrp.edu\/nutricion\/economic-assistance\/\" class=\"tc-menu-inner\">FINANCIAL AID<\/a><\/li>\n<li id=\"menu-item-5418\" class=\"menu-item menu-item-type-post_type menu-item-object-page menu-item-5418 tc-menu-item tc-menu-depth-0 tc-menu-align-left tc-menu-layout-default\"><a href=\"https:\/\/natsci.uprrp.edu\/nutricion\/general-policies-and-regulations\/\" class=\"tc-menu-inner\">GENERAL POLICIES AND REGULATIONS<\/a><\/li>\n<li id=\"menu-item-5419\" class=\"menu-item menu-item-type-post_type menu-item-object-page menu-item-5419 tc-menu-item tc-menu-depth-0 tc-menu-align-left tc-menu-layout-default\"><a href=\"https:\/\/natsci.uprrp.edu\/nutricion\/graduation-requirements\/\" class=\"tc-menu-inner\">GRADUATION REQUIREMENTS<\/a><\/li>\n<li id=\"menu-item-5426\" class=\"menu-item menu-item-type-post_type menu-item-object-page menu-item-5426 tc-menu-item tc-menu-depth-0 tc-menu-align-left tc-menu-layout-default\"><a href=\"https:\/\/natsci.uprrp.edu\/nutricion\/internships\/\" class=\"tc-menu-inner\">INTERNSHIPS<\/a><\/li>\n<li id=\"menu-item-5420\" class=\"menu-item menu-item-type-post_type menu-item-object-page menu-item-5420 tc-menu-item tc-menu-depth-0 tc-menu-align-left tc-menu-layout-default\"><a href=\"https:\/\/natsci.uprrp.edu\/nutricion\/programs-mission\/\" class=\"tc-menu-inner\">MISSION, GOALS AND OBJECTIVES<\/a><\/li>\n<li id=\"menu-item-5421\" class=\"menu-item menu-item-type-post_type menu-item-object-page menu-item-5421 tc-menu-item tc-menu-depth-0 tc-menu-align-left tc-menu-layout-default\"><a href=\"https:\/\/natsci.uprrp.edu\/nutricion\/program-statistics\/\" class=\"tc-menu-inner\">PROGRAM STATISTICS<\/a><\/li>\n<li id=\"menu-item-5422\" class=\"menu-item menu-item-type-post_type menu-item-object-page menu-item-5422 tc-menu-item tc-menu-depth-0 tc-menu-align-left tc-menu-layout-default\"><a href=\"https:\/\/natsci.uprrp.edu\/nutricion\/programs-outcomes\/\" class=\"tc-menu-inner\">PROGRAM\u2019S OUTCOMES<\/a><\/li>\n<li id=\"menu-item-5423\" class=\"menu-item menu-item-type-post_type menu-item-object-page menu-item-5423 tc-menu-item tc-menu-depth-0 tc-menu-align-left tc-menu-layout-default\"><a href=\"https:\/\/natsci.uprrp.edu\/nutricion\/scholarships\/\" class=\"tc-menu-inner\">SCHOLARSHIPS<\/a><\/li>\n<li id=\"menu-item-5486\" class=\"menu-item menu-item-type-post_type menu-item-object-page menu-item-5486 tc-menu-item tc-menu-depth-0 tc-menu-align-left tc-menu-layout-default\"><a href=\"https:\/\/natsci.uprrp.edu\/nutricion\/student-handbook-2\/\" class=\"tc-menu-inner\">STUDENT HANDBOOK<\/a><\/li>\n<li id=\"menu-item-5425\" class=\"menu-item menu-item-type-post_type menu-item-object-page menu-item-5425 tc-menu-item tc-menu-depth-0 tc-menu-align-left tc-menu-layout-default\"><a href=\"https:\/\/natsci.uprrp.edu\/nutricion\/student-associations\/\" class=\"tc-menu-inner\">STUDENT ORGANIZATIONS<\/a><\/li>\n<\/ul><\/div><\/div><\/div>\t\t\t\t<\/div>\n\t\t\t\t<\/div>\n\t\t\t\t\t<\/div>\n\t\t<\/div>\n\t\t\t\t\t<\/div>\n\t\t<\/section>\n\t\t\t\t<\/div>\n\t\t","protected":false},"excerpt":{"rendered":"<p>C\u00edrculo de Diet\u00e9tica The C\u00edrculo de Diet\u00e9tica is the Nutrition and Dietetics student organization under the advising of Dr. Celia Mir. The organization hosts social and academic activities for nutrition and dietetics students and participate in community-based activities promoting healthy &hellip; <\/p>\n","protected":false},"author":12,"featured_media":0,"parent":0,"menu_order":0,"comment_status":"closed","ping_status":"closed","template":"","meta":{"rs_blank_template":"","rs_page_bg_color":"","slide_template_v7":"","footnotes":""},"class_list":["post-137","page","type-page","status-publish","hentry"],"_links":{"self":[{"href":"https:\/\/natsci.uprrp.edu\/nutricion\/wp-json\/wp\/v2\/pages\/137","targetHints":{"allow":["GET"]}}],"collection":[{"href":"https:\/\/natsci.uprrp.edu\/nutricion\/wp-json\/wp\/v2\/pages"}],"about":[{"href":"https:\/\/natsci.uprrp.edu\/nutricion\/wp-json\/wp\/v2\/types\/page"}],"author":[{"embeddable":true,"href":"https:\/\/natsci.uprrp.edu\/nutricion\/wp-json\/wp\/v2\/users\/12"}],"replies":[{"embeddable":true,"href":"https:\/\/natsci.uprrp.edu\/nutricion\/wp-json\/wp\/v2\/comments?post=137"}],"version-history":[{"count":38,"href":"https:\/\/natsci.uprrp.edu\/nutricion\/wp-json\/wp\/v2\/pages\/137\/revisions"}],"predecessor-version":[{"id":5563,"href":"https:\/\/natsci.uprrp.edu\/nutricion\/wp-json\/wp\/v2\/pages\/137\/revisions\/5563"}],"wp:attachment":[{"href":"https:\/\/natsci.uprrp.edu\/nutricion\/wp-json\/wp\/v2\/media?parent=137"}],"curies":[{"name":"wp","href":"https:\/\/api.w.org\/{rel}","templated":true}]}}