{"id":19029,"date":"2023-11-14T19:46:43","date_gmt":"2023-11-14T19:46:43","guid":{"rendered":"https:\/\/natsci.uprrp.edu\/idgene\/?page_id=19029"},"modified":"2025-03-20T14:22:56","modified_gmt":"2025-03-20T14:22:56","slug":"principal-investigators","status":"publish","type":"page","link":"https:\/\/natsci.uprrp.edu\/idgene\/principal-investigators\/","title":{"rendered":"Principal Investigators"},"content":{"rendered":"\t\t<div data-elementor-type=\"wp-page\" data-elementor-id=\"19029\" class=\"elementor elementor-19029\">\n\t\t\t\t\t\t<section class=\"elementor-section elementor-top-section elementor-element elementor-element-0f126ae elementor-section-boxed elementor-section-height-default elementor-section-height-default\" data-id=\"0f126ae\" data-element_type=\"section\" data-e-type=\"section\">\n\t\t\t\t\t\t<div class=\"elementor-container elementor-column-gap-default\">\n\t\t\t\t\t<div class=\"elementor-column elementor-col-33 elementor-top-column elementor-element elementor-element-11d6b6e\" data-id=\"11d6b6e\" data-element_type=\"column\" data-e-type=\"column\">\n\t\t\t<div class=\"elementor-widget-wrap elementor-element-populated\">\n\t\t\t\t\t\t<div class=\"elementor-element elementor-element-417b02b elementor-widget elementor-widget-image\" data-id=\"417b02b\" data-element_type=\"widget\" data-e-type=\"widget\" data-widget_type=\"image.default\">\n\t\t\t\t<div class=\"elementor-widget-container\">\n\t\t\t\t\t\t\t\t\t\t\t\t\t\t\t<img fetchpriority=\"high\" decoding=\"async\" width=\"321\" height=\"350\" src=\"https:\/\/natsci.uprrp.edu\/idgene\/wp-content\/uploads\/sites\/27\/2025\/03\/Dr-Garcia-Arraras-e1741983274719.jpg\" class=\"attachment-large size-large wp-image-19442\" alt=\"\" srcset=\"https:\/\/natsci.uprrp.edu\/idgene\/wp-content\/uploads\/sites\/27\/2025\/03\/Dr-Garcia-Arraras-e1741983274719.jpg 321w, https:\/\/natsci.uprrp.edu\/idgene\/wp-content\/uploads\/sites\/27\/2025\/03\/Dr-Garcia-Arraras-e1741983274719-275x300.jpg 275w\" sizes=\"(max-width: 321px) 100vw, 321px\" \/>\t\t\t\t\t\t\t\t\t\t\t\t\t\t\t<\/div>\n\t\t\t\t<\/div>\n\t\t\t\t<div class=\"elementor-element elementor-element-e1d9bf6 elementor-widget elementor-widget-text-editor\" data-id=\"e1d9bf6\" data-element_type=\"widget\" data-e-type=\"widget\" data-widget_type=\"text-editor.default\">\n\t\t\t\t<div class=\"elementor-widget-container\">\n\t\t\t\t\t\t\t\t\t<div>Principal Investigator, IDGeNe<\/div><div>Professor<\/div><div>Department of Biology\u00a0<br \/><span data-markjs=\"true\" data-ogac=\"\" data-ogab=\"\" data-ogsc=\"\" data-ogsb=\"\">Faculty<\/span>\u00a0of\u00a0<span data-markjs=\"true\" data-ogac=\"\" data-ogab=\"\" data-ogsc=\"\" data-ogsb=\"\">Natural<\/span>\u00a0<span data-markjs=\"true\" data-ogac=\"\" data-ogab=\"\" data-ogsc=\"\" data-ogsb=\"\">Sciences<\/span><br \/>University of Puerto Rico<\/div>\t\t\t\t\t\t\t\t<\/div>\n\t\t\t\t<\/div>\n\t\t\t\t\t<\/div>\n\t\t<\/div>\n\t\t\t\t<div class=\"elementor-column elementor-col-66 elementor-top-column elementor-element elementor-element-4d4805d\" data-id=\"4d4805d\" data-element_type=\"column\" data-e-type=\"column\">\n\t\t\t<div class=\"elementor-widget-wrap elementor-element-populated\">\n\t\t\t\t\t\t<div class=\"elementor-element elementor-element-58cd1fe elementor-widget elementor-widget-heading\" data-id=\"58cd1fe\" data-element_type=\"widget\" data-e-type=\"widget\" data-widget_type=\"heading.default\">\n\t\t\t\t<div class=\"elementor-widget-container\">\n\t\t\t\t\t<h2 class=\"elementor-heading-title elementor-size-default\">Jos\u00e9 E. Garc\u00eda Arrar\u00e1s, PhD<\/h2>\t\t\t\t<\/div>\n\t\t\t\t<\/div>\n\t\t\t\t<div class=\"elementor-element elementor-element-d0b4118 elementor-widget elementor-widget-text-editor\" data-id=\"d0b4118\" data-element_type=\"widget\" data-e-type=\"widget\" data-widget_type=\"text-editor.default\">\n\t\t\t\t<div class=\"elementor-widget-container\">\n\t\t\t\t\t\t\t\t\t<p>Dr. Garc\u00eda-Arrar\u00e1s is Professor in Biology who has been at UPR for 35 years. At different times he has held various administrative positions including Department Chair and Coordinator of the Graduate Program. He has been continuously involved in undergraduate student training via training programs such as NIH-MBRS, MARC or NSF AMP and REU. At present he is the P.I. of two different programs: an NSF research program to provide post-bac students meaningful experiences in research and professional development, and an NIH-ENDURE training program to train undergraduates for careers in Neuroscience. Dr. Garc\u00eda-Arrar\u00e1s is not only well qualified as an administrator but has also been a highly successful mentor. He has mentored hundreds of students, mostly Hispanic and many of them women. Many of his publications include undergraduate student authors. Students in his lab have continued graduate programs in top-tier universities including Harvard, Yale, Univ. of Pennsylvania, Univ. of Washington, UC San Francisco, UC Berkeley, among many others. Similarly, students from his lab have been accepted to prestigious MD\/PhD programs at Columbia, Univ Minnesota, Baylor and others. Although Dr. Garc\u00eda-Arrar\u00e1s original training was in Human Physiology, his research has moved with the scientific advancements, and he is now fully immersed in the field of genomics. His latest publications attest to this successful transition: several papers on transcriptomics, a study of the intestinal microbiome (Pagan-Jimenez et al.2019), and a draft genome of his research model organism, the sea cucumber Holothuria glaberrima. (MedinaFeliciano et al. 2021). One of the ongoing projects in his lab is a collaboration with Dovetail Genomics to fully sequence the holothurian model genome. The manuscript on this genome will be coming out early next year.\u00a0<\/p>\t\t\t\t\t\t\t\t<\/div>\n\t\t\t\t<\/div>\n\t\t\t\t\t<\/div>\n\t\t<\/div>\n\t\t\t\t\t<\/div>\n\t\t<\/section>\n\t\t\t\t<section class=\"elementor-section elementor-top-section elementor-element elementor-element-c1133c2 elementor-section-boxed elementor-section-height-default elementor-section-height-default\" data-id=\"c1133c2\" data-element_type=\"section\" data-e-type=\"section\">\n\t\t\t\t\t\t<div class=\"elementor-container elementor-column-gap-default\">\n\t\t\t\t\t<div class=\"elementor-column elementor-col-100 elementor-top-column elementor-element elementor-element-591804f\" data-id=\"591804f\" data-element_type=\"column\" data-e-type=\"column\">\n\t\t\t<div class=\"elementor-widget-wrap elementor-element-populated\">\n\t\t\t\t\t\t<div class=\"elementor-element elementor-element-b626905 elementor-widget elementor-widget-spacer\" data-id=\"b626905\" data-element_type=\"widget\" data-e-type=\"widget\" data-widget_type=\"spacer.default\">\n\t\t\t\t<div class=\"elementor-widget-container\">\n\t\t\t\t\t\t\t<div class=\"elementor-spacer\">\n\t\t\t<div class=\"elementor-spacer-inner\"><\/div>\n\t\t<\/div>\n\t\t\t\t\t\t<\/div>\n\t\t\t\t<\/div>\n\t\t\t\t\t<\/div>\n\t\t<\/div>\n\t\t\t\t\t<\/div>\n\t\t<\/section>\n\t\t\t\t<section class=\"elementor-section elementor-top-section elementor-element elementor-element-b95bb71 elementor-section-boxed elementor-section-height-default elementor-section-height-default\" data-id=\"b95bb71\" data-element_type=\"section\" data-e-type=\"section\">\n\t\t\t\t\t\t<div class=\"elementor-container elementor-column-gap-default\">\n\t\t\t\t\t<div class=\"elementor-column elementor-col-33 elementor-top-column elementor-element elementor-element-695910a\" data-id=\"695910a\" data-element_type=\"column\" data-e-type=\"column\">\n\t\t\t<div class=\"elementor-widget-wrap elementor-element-populated\">\n\t\t\t\t\t\t<div class=\"elementor-element elementor-element-12bf838 elementor-widget elementor-widget-image\" data-id=\"12bf838\" data-element_type=\"widget\" data-e-type=\"widget\" data-widget_type=\"image.default\">\n\t\t\t\t<div class=\"elementor-widget-container\">\n\t\t\t\t\t\t\t\t\t\t\t\t\t\t\t<img decoding=\"async\" width=\"299\" height=\"376\" src=\"https:\/\/natsci.uprrp.edu\/idgene\/wp-content\/uploads\/sites\/27\/2025\/03\/1293388-1-e1742236638290.png\" class=\"attachment-large size-large wp-image-19551\" alt=\"\" srcset=\"https:\/\/natsci.uprrp.edu\/idgene\/wp-content\/uploads\/sites\/27\/2025\/03\/1293388-1-e1742236638290.png 299w, https:\/\/natsci.uprrp.edu\/idgene\/wp-content\/uploads\/sites\/27\/2025\/03\/1293388-1-e1742236638290-239x300.png 239w\" sizes=\"(max-width: 299px) 100vw, 299px\" \/>\t\t\t\t\t\t\t\t\t\t\t\t\t\t\t<\/div>\n\t\t\t\t<\/div>\n\t\t\t\t<div class=\"elementor-element elementor-element-9bc427c elementor-widget elementor-widget-text-editor\" data-id=\"9bc427c\" data-element_type=\"widget\" data-e-type=\"widget\" data-widget_type=\"text-editor.default\">\n\t\t\t\t<div class=\"elementor-widget-container\">\n\t\t\t\t\t\t\t\t\t<div>Co-Principal Investigator, IDGeNe<\/div><div>Professor<\/div><div>Department of Computer Sciences<br \/><span data-markjs=\"true\" data-ogac=\"\" data-ogab=\"\" data-ogsc=\"\" data-ogsb=\"\">Faculty<\/span>\u00a0of\u00a0<span data-markjs=\"true\" data-ogac=\"\" data-ogab=\"\" data-ogsc=\"\" data-ogsb=\"\">Natural<\/span>\u00a0<span data-markjs=\"true\" data-ogac=\"\" data-ogab=\"\" data-ogsc=\"\" data-ogsb=\"\">Sciences<\/span><br \/>University of Puerto Rico<\/div>\t\t\t\t\t\t\t\t<\/div>\n\t\t\t\t<\/div>\n\t\t\t\t\t<\/div>\n\t\t<\/div>\n\t\t\t\t<div class=\"elementor-column elementor-col-66 elementor-top-column elementor-element elementor-element-c143169\" data-id=\"c143169\" data-element_type=\"column\" data-e-type=\"column\">\n\t\t\t<div class=\"elementor-widget-wrap elementor-element-populated\">\n\t\t\t\t\t\t<div class=\"elementor-element elementor-element-f4b3895 elementor-widget elementor-widget-heading\" data-id=\"f4b3895\" data-element_type=\"widget\" data-e-type=\"widget\" data-widget_type=\"heading.default\">\n\t\t\t\t<div class=\"elementor-widget-container\">\n\t\t\t\t\t<h2 class=\"elementor-heading-title elementor-size-default\">Humberto Ort\u00edz-Zuazaga, PhD<\/h2>\t\t\t\t<\/div>\n\t\t\t\t<\/div>\n\t\t\t\t<div class=\"elementor-element elementor-element-92bf554 elementor-widget elementor-widget-text-editor\" data-id=\"92bf554\" data-element_type=\"widget\" data-e-type=\"widget\" data-widget_type=\"text-editor.default\">\n\t\t\t\t<div class=\"elementor-widget-container\">\n\t\t\t\t\t\t\t\t\t<p>Dr. Ort\u00edz-Zuazaga is Professor in the Department of Computer Sciences with administrative, teaching and research expertise in Genomics. He is presently the Chair of the Computer Sciences Department, as well as the director of the High-Performance Computer facility. His research focuses on bioinformatic analyses, particularly those dealing with gene expression. He brings to the project extensive computational expertise as it relates to biomedical projects. He is trained and certified as a Carpentries instructor and has given dozens of workshops for students at all levels at UPR and other academic institutions. In addition, he offers an advanced Bioinformatic course within the course offerings of the Math department. He has been a frequent collaborator with Dr. Garc\u00eda-Arrar\u00e1s in both scientific research projects as well as in training programs. Their expertise complements each other.<\/p>\t\t\t\t\t\t\t\t<\/div>\n\t\t\t\t<\/div>\n\t\t\t\t\t<\/div>\n\t\t<\/div>\n\t\t\t\t\t<\/div>\n\t\t<\/section>\n\t\t\t\t<\/div>\n\t\t","protected":false},"excerpt":{"rendered":"<p>Principal Investigator, IDGeNeProfessorDepartment of Biology\u00a0Faculty\u00a0of\u00a0Natural\u00a0SciencesUniversity of Puerto Rico Jos\u00e9 E. Garc\u00eda Arrar\u00e1s, PhD Dr. Garc\u00eda-Arrar\u00e1s is Professor in Biology who has been at UPR for 35 years. At different times he has held various administrative positions including Department Chair and &hellip; <\/p>\n","protected":false},"author":58,"featured_media":0,"parent":0,"menu_order":0,"comment_status":"closed","ping_status":"closed","template":"","meta":{"footnotes":""},"class_list":["post-19029","page","type-page","status-publish","hentry"],"_links":{"self":[{"href":"https:\/\/natsci.uprrp.edu\/idgene\/wp-json\/wp\/v2\/pages\/19029","targetHints":{"allow":["GET"]}}],"collection":[{"href":"https:\/\/natsci.uprrp.edu\/idgene\/wp-json\/wp\/v2\/pages"}],"about":[{"href":"https:\/\/natsci.uprrp.edu\/idgene\/wp-json\/wp\/v2\/types\/page"}],"author":[{"embeddable":true,"href":"https:\/\/natsci.uprrp.edu\/idgene\/wp-json\/wp\/v2\/users\/58"}],"replies":[{"embeddable":true,"href":"https:\/\/natsci.uprrp.edu\/idgene\/wp-json\/wp\/v2\/comments?post=19029"}],"version-history":[{"count":15,"href":"https:\/\/natsci.uprrp.edu\/idgene\/wp-json\/wp\/v2\/pages\/19029\/revisions"}],"predecessor-version":[{"id":19580,"href":"https:\/\/natsci.uprrp.edu\/idgene\/wp-json\/wp\/v2\/pages\/19029\/revisions\/19580"}],"wp:attachment":[{"href":"https:\/\/natsci.uprrp.edu\/idgene\/wp-json\/wp\/v2\/media?parent=19029"}],"curies":[{"name":"wp","href":"https:\/\/api.w.org\/{rel}","templated":true}]}}