{"id":66,"date":"2018-08-11T09:57:06","date_gmt":"2018-08-11T09:57:06","guid":{"rendered":"http:\/\/natsci.uprrp.edu\/chemistry\/?page_id=66"},"modified":"2026-02-25T18:18:25","modified_gmt":"2026-02-25T22:18:25","slug":"graduate-program-history","status":"publish","type":"page","link":"https:\/\/natsci.uprrp.edu\/chemistry\/graduate-program-history\/","title":{"rendered":"Programa Graduado en Qu\u00edmica"},"content":{"rendered":"\t\t<div data-elementor-type=\"wp-page\" data-elementor-id=\"66\" class=\"elementor elementor-66\">\n\t\t\t\t<div class=\"elementor-element elementor-element-190d905 e-con-full e-flex e-con e-parent\" data-id=\"190d905\" data-element_type=\"container\" data-e-type=\"container\" data-settings=\"{&quot;background_background&quot;:&quot;classic&quot;}\">\n\t\t\t\t<div class=\"elementor-element elementor-element-7cb82de2 elementor-widget elementor-widget-text-editor\" data-id=\"7cb82de2\" data-element_type=\"widget\" data-e-type=\"widget\" data-widget_type=\"text-editor.default\">\n\t\t\t\t<div class=\"elementor-widget-container\">\n\t\t\t\t\t\t\t\t\t<p>El Programa Graduado en Qu\u00edmica de la Universidad de Puerto Rico, Recinto de R\u00edo Piedras fue establecido en la d\u00e9cada de 1960 con la creaci\u00f3n de un ofrecimiento acad\u00e9mico conducente al grado de <strong>Maestr\u00eda en Qu\u00edmica<\/strong>. Posteriormente, en 1970, se estableci\u00f3 el programa de <strong>Doctorado (Ph.D.) en Qu\u00edmica<\/strong>, seguido en 1981 por el desarrollo de un programa colaborativo con el Departamento de F\u00edsica, conducente al grado de <strong>Doctorado (Ph.D.) en F\u00edsica Qu\u00edmica<\/strong>.<\/p><p>En la actualidad, el Programa Graduado sirve a estudiantes de <strong>Puerto Rico y del extranjero<\/strong>, promoviendo un ambiente acad\u00e9mico diverso que fomenta el <strong>intercambio intelectual, la colaboraci\u00f3n interdisciplinaria y una s\u00f3lida proyecci\u00f3n acad\u00e9mica global<\/strong>.<\/p>\t\t\t\t\t\t\t\t<\/div>\n\t\t\t\t<\/div>\n\t\t\t\t<\/div>\n\t\t<div class=\"elementor-element elementor-element-96089c0 e-con-full e-flex e-con e-parent\" data-id=\"96089c0\" data-element_type=\"container\" data-e-type=\"container\" data-settings=\"{&quot;background_background&quot;:&quot;classic&quot;}\">\n\t\t<div class=\"elementor-element elementor-element-eb4835a e-con-full e-flex e-con e-child\" data-id=\"eb4835a\" data-element_type=\"container\" data-e-type=\"container\">\n\t\t\t\t<div class=\"elementor-element elementor-element-4515954 elementor-align-right elementor-widget elementor-widget-button\" data-id=\"4515954\" data-element_type=\"widget\" data-e-type=\"widget\" data-widget_type=\"button.default\">\n\t\t\t\t<div class=\"elementor-widget-container\">\n\t\t\t\t\t\t\t\t\t<div class=\"elementor-button-wrapper\">\n\t\t\t\t\t<a class=\"elementor-button elementor-button-link elementor-size-sm\" href=\"https:\/\/natsci.uprrp.edu\/chemistry\/wp-content\/uploads\/sites\/3\/2021\/05\/Historia-Programa-Graduado-Quimica.pdf\">\n\t\t\t\t\t\t<span class=\"elementor-button-content-wrapper\">\n\t\t\t\t\t\t\t\t\t<span class=\"elementor-button-text\">Conoce la Historia del Programa Graduado<\/span>\n\t\t\t\t\t<\/span>\n\t\t\t\t\t<\/a>\n\t\t\t\t<\/div>\n\t\t\t\t\t\t\t\t<\/div>\n\t\t\t\t<\/div>\n\t\t\t\t<\/div>\n\t\t\t\t<\/div>\n\t\t<div class=\"elementor-element elementor-element-b479c16 e-flex e-con-boxed e-con e-parent\" data-id=\"b479c16\" data-element_type=\"container\" data-e-type=\"container\">\n\t\t\t\t\t<div class=\"e-con-inner\">\n\t\t<div class=\"elementor-element elementor-element-62cc382 e-con-full e-flex e-con e-child\" data-id=\"62cc382\" data-element_type=\"container\" data-e-type=\"container\">\n\t\t\t\t<div class=\"elementor-element elementor-element-962f429 elementor-widget elementor-widget-text-editor\" data-id=\"962f429\" data-element_type=\"widget\" data-e-type=\"widget\" data-widget_type=\"text-editor.default\">\n\t\t\t\t<div class=\"elementor-widget-container\">\n\t\t\t\t\t\t\t\t\t<ul><li><h5><a href=\"https:\/\/natsci.uprrp.edu\/chemistry\/course-catalog-of-the-graduate-program\/\">Curr\u00edculo y requisitos<\/a><\/h5><\/li><li><h5><a href=\"https:\/\/natsci.uprrp.edu\/chemistry\/curriculo-de-quimica\/\">Cursos requeridos para entrar al programa graduado<\/a><\/h5><\/li><\/ul>\t\t\t\t\t\t\t\t<\/div>\n\t\t\t\t<\/div>\n\t\t\t\t<\/div>\n\t\t<div class=\"elementor-element elementor-element-0335fc9 e-con-full e-flex e-con e-child\" data-id=\"0335fc9\" data-element_type=\"container\" data-e-type=\"container\">\n\t\t\t\t<\/div>\n\t\t\t\t\t<\/div>\n\t\t\t\t<\/div>\n\t\t\t\t<\/div>\n\t\t","protected":false},"excerpt":{"rendered":"<p>El Programa Graduado en Qu\u00edmica de la Universidad de Puerto Rico, Recinto de R\u00edo Piedras fue establecido en la d\u00e9cada de 1960 con la creaci\u00f3n de un ofrecimiento acad\u00e9mico conducente al grado de Maestr\u00eda en Qu\u00edmica. Posteriormente, en 1970, se estableci\u00f3 el programa de Doctorado (Ph.D.) en Qu\u00edmica, seguido en &hellip; <\/p>\n","protected":false},"author":7,"featured_media":0,"parent":0,"menu_order":0,"comment_status":"closed","ping_status":"closed","template":"","meta":{"footnotes":""},"class_list":["post-66","page","type-page","status-publish","hentry"],"_links":{"self":[{"href":"https:\/\/natsci.uprrp.edu\/chemistry\/wp-json\/wp\/v2\/pages\/66","targetHints":{"allow":["GET"]}}],"collection":[{"href":"https:\/\/natsci.uprrp.edu\/chemistry\/wp-json\/wp\/v2\/pages"}],"about":[{"href":"https:\/\/natsci.uprrp.edu\/chemistry\/wp-json\/wp\/v2\/types\/page"}],"author":[{"embeddable":true,"href":"https:\/\/natsci.uprrp.edu\/chemistry\/wp-json\/wp\/v2\/users\/7"}],"replies":[{"embeddable":true,"href":"https:\/\/natsci.uprrp.edu\/chemistry\/wp-json\/wp\/v2\/comments?post=66"}],"version-history":[{"count":14,"href":"https:\/\/natsci.uprrp.edu\/chemistry\/wp-json\/wp\/v2\/pages\/66\/revisions"}],"predecessor-version":[{"id":3865,"href":"https:\/\/natsci.uprrp.edu\/chemistry\/wp-json\/wp\/v2\/pages\/66\/revisions\/3865"}],"wp:attachment":[{"href":"https:\/\/natsci.uprrp.edu\/chemistry\/wp-json\/wp\/v2\/media?parent=66"}],"curies":[{"name":"wp","href":"https:\/\/api.w.org\/{rel}","templated":true}]}}