{"id":3534,"date":"2025-07-02T13:25:12","date_gmt":"2025-07-02T17:25:12","guid":{"rendered":"https:\/\/natsci.uprrp.edu\/chemistry\/?page_id=3534"},"modified":"2025-07-02T13:39:39","modified_gmt":"2025-07-02T17:39:39","slug":"campamento-de-verano","status":"publish","type":"page","link":"https:\/\/natsci.uprrp.edu\/chemistry\/campamento-de-verano\/","title":{"rendered":"Summer Camp"},"content":{"rendered":"\t\t<div data-elementor-type=\"wp-page\" data-elementor-id=\"3534\" class=\"elementor elementor-3534\">\n\t\t\t\t<div class=\"elementor-element elementor-element-977052d e-flex e-con-boxed e-con e-parent\" data-id=\"977052d\" data-element_type=\"container\" data-e-type=\"container\">\n\t\t\t\t\t<div class=\"e-con-inner\">\n\t\t\t\t<div class=\"elementor-element elementor-element-ba0663d elementor-widget__width-inherit elementor-widget elementor-widget-image\" data-id=\"ba0663d\" data-element_type=\"widget\" data-e-type=\"widget\" data-widget_type=\"image.default\">\n\t\t\t\t<div class=\"elementor-widget-container\">\n\t\t\t\t\t\t\t\t\t\t\t\t<figure class=\"wp-caption\">\n\t\t\t\t\t\t\t\t\t\t<img fetchpriority=\"high\" decoding=\"async\" width=\"2560\" height=\"1297\" src=\"https:\/\/natsci.uprrp.edu\/chemistry\/wp-content\/uploads\/sites\/3\/2025\/07\/lab-camp-quim-scaled.jpg\" class=\"attachment-full size-full wp-image-3536\" alt=\"\" srcset=\"https:\/\/natsci.uprrp.edu\/chemistry\/wp-content\/uploads\/sites\/3\/2025\/07\/lab-camp-quim-scaled.jpg 2560w, https:\/\/natsci.uprrp.edu\/chemistry\/wp-content\/uploads\/sites\/3\/2025\/07\/lab-camp-quim-300x152.jpg 300w, https:\/\/natsci.uprrp.edu\/chemistry\/wp-content\/uploads\/sites\/3\/2025\/07\/lab-camp-quim-1024x519.jpg 1024w, https:\/\/natsci.uprrp.edu\/chemistry\/wp-content\/uploads\/sites\/3\/2025\/07\/lab-camp-quim-768x389.jpg 768w, https:\/\/natsci.uprrp.edu\/chemistry\/wp-content\/uploads\/sites\/3\/2025\/07\/lab-camp-quim-1536x778.jpg 1536w, https:\/\/natsci.uprrp.edu\/chemistry\/wp-content\/uploads\/sites\/3\/2025\/07\/lab-camp-quim-2048x1038.jpg 2048w, https:\/\/natsci.uprrp.edu\/chemistry\/wp-content\/uploads\/sites\/3\/2025\/07\/lab-camp-quim-scaled-600x304.jpg 600w\" sizes=\"(max-width: 2560px) 100vw, 2560px\" \/>\t\t\t\t\t\t\t\t\t\t\t<figcaption class=\"widget-image-caption wp-caption-text\">Grupo de estudiantes en los laboratorios de qu\u00edmica<\/figcaption>\n\t\t\t\t\t\t\t\t\t\t<\/figure>\n\t\t\t\t\t\t\t\t\t<\/div>\n\t\t\t\t<\/div>\n\t\t\t\t\t<\/div>\n\t\t\t\t<\/div>\n\t\t<div class=\"elementor-element elementor-element-6fd133d8 e-flex e-con-boxed e-con e-parent\" data-id=\"6fd133d8\" data-element_type=\"container\" data-e-type=\"container\">\n\t\t\t\t\t<div class=\"e-con-inner\">\n\t\t\t\t\t<\/div>\n\t\t\t\t<\/div>\n\t\t<div class=\"elementor-element elementor-element-c15453a e-flex e-con-boxed e-con e-parent\" data-id=\"c15453a\" data-element_type=\"container\" data-e-type=\"container\">\n\t\t\t\t\t<div class=\"e-con-inner\">\n\t\t<div class=\"elementor-element elementor-element-8bbb4ec e-con-full e-flex e-con e-child\" data-id=\"8bbb4ec\" data-element_type=\"container\" data-e-type=\"container\">\n\t\t\t\t<div class=\"elementor-element elementor-element-69c32cad elementor-widget elementor-widget-text-editor\" data-id=\"69c32cad\" data-element_type=\"widget\" data-e-type=\"widget\" data-widget_type=\"text-editor.default\">\n\t\t\t\t<div class=\"elementor-widget-container\">\n\t\t\t\t\t\t\t\t\t\n<p>\u00a1Te damos la bienvenida!<\/p>\n\n<p>En esta secci\u00f3n encontrar\u00e1s informaci\u00f3n sobre nuestra oferta de actividades durante el verano, las instrucciones para el registro y una galer\u00eda de fotos para revivir estos momentos en los que nuestros participantes se divierten mientras aprenden.<\/p>\n\n<p>Nuestro campamento est\u00e1 dise\u00f1ado para despertar el inter\u00e9s por la ciencia en participantes de distintas edades, desde estudiantes escolares hasta adultos curiosos por el mundo que los rodea. A trav\u00e9s de experiencias educativas y entretenidas, buscamos demostrar c\u00f3mo la qu\u00edmica forma parte de nuestra vida cotidiana. Mediante juegos, experimentos, talleres y retos creativos, exploramos temas como los alimentos que consumimos, los productos que usamos a diario, el entorno natural y los avances cient\u00edficos que impactan nuestra sociedad.<\/p>\n\n<p>Adem\u00e1s de hacer ciencia, ense\u00f1amos a\u00a0comunicarla. Queremos que los participantes aprendan a expresar lo que descubren, a compartir el conocimiento de forma clara y creativa, y a entender la importancia de la divulgaci\u00f3n cient\u00edfica para acercar la qu\u00edmica a m\u00e1s personas.<\/p>\n\n<p>Nuestro prop\u00f3sito es claro: hacer ciencia con elementos del d\u00eda a d\u00eda, acercar a las personas a la qu\u00edmica de forma accesible, pr\u00e1ctica y estimulante. Queremos que cada participante descubra el valor de observar, preguntar, experimentar y entender el mundo con una mirada cient\u00edfica.<\/p>\n\n<p>Te invitamos a formar parte de esta experiencia en la que la qu\u00edmica se vive, se aprende y se disfruta.<\/p>\n\t\t\t\t\t\t\t\t<\/div>\n\t\t\t\t<\/div>\n\t\t\t\t<\/div>\n\t\t<div class=\"elementor-element elementor-element-95c19eb e-con-full e-flex e-con e-child\" data-id=\"95c19eb\" data-element_type=\"container\" data-e-type=\"container\">\n\t\t<div class=\"elementor-element elementor-element-73237a7 e-con-full e-flex e-con e-child\" data-id=\"73237a7\" data-element_type=\"container\" data-e-type=\"container\">\n\t\t\t\t<div class=\"elementor-element elementor-element-eb07392 elementor-align-right elementor-widget elementor-widget-button\" data-id=\"eb07392\" data-element_type=\"widget\" data-e-type=\"widget\" data-widget_type=\"button.default\">\n\t\t\t\t<div class=\"elementor-widget-container\">\n\t\t\t\t\t\t\t\t\t<div class=\"elementor-button-wrapper\">\n\t\t\t\t\t<a class=\"elementor-button elementor-button-link elementor-size-sm\" href=\"#\">\n\t\t\t\t\t\t<span class=\"elementor-button-content-wrapper\">\n\t\t\t\t\t\t\t\t\t<span class=\"elementor-button-text\">REGISTRO<\/span>\n\t\t\t\t\t<\/span>\n\t\t\t\t\t<\/a>\n\t\t\t\t<\/div>\n\t\t\t\t\t\t\t\t<\/div>\n\t\t\t\t<\/div>\n\t\t\t\t<\/div>\n\t\t<div class=\"elementor-element elementor-element-631a089 e-con-full e-flex e-con e-child\" data-id=\"631a089\" data-element_type=\"container\" data-e-type=\"container\">\n\t\t\t\t<div class=\"elementor-element elementor-element-63e4a26 elementor-align-right elementor-widget elementor-widget-button\" data-id=\"63e4a26\" data-element_type=\"widget\" data-e-type=\"widget\" data-widget_type=\"button.default\">\n\t\t\t\t<div class=\"elementor-widget-container\">\n\t\t\t\t\t\t\t\t\t<div class=\"elementor-button-wrapper\">\n\t\t\t\t\t<a class=\"elementor-button elementor-button-link elementor-size-sm\" href=\"#\">\n\t\t\t\t\t\t<span class=\"elementor-button-content-wrapper\">\n\t\t\t\t\t\t\t\t\t<span class=\"elementor-button-text\">GALER\u00cdA<\/span>\n\t\t\t\t\t<\/span>\n\t\t\t\t\t<\/a>\n\t\t\t\t<\/div>\n\t\t\t\t\t\t\t\t<\/div>\n\t\t\t\t<\/div>\n\t\t\t\t<\/div>\n\t\t\t\t<\/div>\n\t\t\t\t\t<\/div>\n\t\t\t\t<\/div>\n\t\t\t\t<\/div>\n\t\t","protected":false},"excerpt":{"rendered":"<p>Grupo de estudiantes en los laboratorios de qu\u00edmica \u00a1Te damos la bienvenida! En esta secci\u00f3n encontrar\u00e1s informaci\u00f3n sobre nuestra oferta de actividades durante el verano, las instrucciones para el registro y una galer\u00eda de fotos para revivir estos momentos en los que nuestros participantes se divierten mientras aprenden. Nuestro campamento &hellip; <\/p>\n","protected":false},"author":32,"featured_media":3536,"parent":0,"menu_order":0,"comment_status":"closed","ping_status":"closed","template":"","meta":{"footnotes":""},"class_list":["post-3534","page","type-page","status-publish","has-post-thumbnail","hentry"],"_links":{"self":[{"href":"https:\/\/natsci.uprrp.edu\/chemistry\/wp-json\/wp\/v2\/pages\/3534","targetHints":{"allow":["GET"]}}],"collection":[{"href":"https:\/\/natsci.uprrp.edu\/chemistry\/wp-json\/wp\/v2\/pages"}],"about":[{"href":"https:\/\/natsci.uprrp.edu\/chemistry\/wp-json\/wp\/v2\/types\/page"}],"author":[{"embeddable":true,"href":"https:\/\/natsci.uprrp.edu\/chemistry\/wp-json\/wp\/v2\/users\/32"}],"replies":[{"embeddable":true,"href":"https:\/\/natsci.uprrp.edu\/chemistry\/wp-json\/wp\/v2\/comments?post=3534"}],"version-history":[{"count":20,"href":"https:\/\/natsci.uprrp.edu\/chemistry\/wp-json\/wp\/v2\/pages\/3534\/revisions"}],"predecessor-version":[{"id":3559,"href":"https:\/\/natsci.uprrp.edu\/chemistry\/wp-json\/wp\/v2\/pages\/3534\/revisions\/3559"}],"wp:featuredmedia":[{"embeddable":true,"href":"https:\/\/natsci.uprrp.edu\/chemistry\/wp-json\/wp\/v2\/media\/3536"}],"wp:attachment":[{"href":"https:\/\/natsci.uprrp.edu\/chemistry\/wp-json\/wp\/v2\/media?parent=3534"}],"curies":[{"name":"wp","href":"https:\/\/api.w.org\/{rel}","templated":true}]}}