{"id":9153,"date":"2022-01-24T16:38:02","date_gmt":"2022-01-24T16:38:02","guid":{"rendered":"https:\/\/natsci.uprrp.edu\/cahreus\/?page_id=9153"},"modified":"2022-02-09T17:24:17","modified_gmt":"2022-02-09T17:24:17","slug":"angel-morales-ph-d","status":"publish","type":"page","link":"https:\/\/natsci.uprrp.edu\/cahreus\/equipo\/angel-morales-ph-d\/","title":{"rendered":"Angel Morales, Ph.D."},"content":{"rendered":"\t\t<div data-elementor-type=\"wp-page\" data-elementor-id=\"9153\" class=\"elementor elementor-9153\">\n\t\t\t\t\t\t<section class=\"elementor-section elementor-top-section elementor-element elementor-element-5b10290 elementor-section-boxed elementor-section-height-default elementor-section-height-default\" data-id=\"5b10290\" data-element_type=\"section\" data-e-type=\"section\">\n\t\t\t\t\t\t<div class=\"elementor-container elementor-column-gap-default\">\n\t\t\t\t\t<div class=\"elementor-column elementor-col-100 elementor-top-column elementor-element elementor-element-3eaa14a\" data-id=\"3eaa14a\" data-element_type=\"column\" data-e-type=\"column\">\n\t\t\t<div class=\"elementor-widget-wrap elementor-element-populated\">\n\t\t\t\t\t\t<div class=\"elementor-element elementor-element-c2e18b7 elementor-widget-divider--view-line elementor-widget elementor-widget-divider\" data-id=\"c2e18b7\" data-element_type=\"widget\" data-e-type=\"widget\" data-widget_type=\"divider.default\">\n\t\t\t\t<div class=\"elementor-widget-container\">\n\t\t\t\t\t\t\t<div class=\"elementor-divider\">\n\t\t\t<span class=\"elementor-divider-separator\">\n\t\t\t\t\t\t<\/span>\n\t\t<\/div>\n\t\t\t\t\t\t<\/div>\n\t\t\t\t<\/div>\n\t\t\t\t\t<\/div>\n\t\t<\/div>\n\t\t\t\t\t<\/div>\n\t\t<\/section>\n\t\t\t\t<section class=\"elementor-section elementor-top-section elementor-element elementor-element-0212603 elementor-section-boxed elementor-section-height-default elementor-section-height-default\" data-id=\"0212603\" data-element_type=\"section\" data-e-type=\"section\">\n\t\t\t\t\t\t<div class=\"elementor-container elementor-column-gap-default\">\n\t\t\t\t\t<div class=\"elementor-column elementor-col-33 elementor-top-column elementor-element elementor-element-1ad64cc\" data-id=\"1ad64cc\" data-element_type=\"column\" data-e-type=\"column\">\n\t\t\t<div class=\"elementor-widget-wrap elementor-element-populated\">\n\t\t\t\t\t\t<div class=\"elementor-element elementor-element-a278a36 elementor-widget elementor-widget-image\" data-id=\"a278a36\" data-element_type=\"widget\" data-e-type=\"widget\" data-widget_type=\"image.default\">\n\t\t\t\t<div class=\"elementor-widget-container\">\n\t\t\t\t\t\t\t\t\t\t\t\t\t\t\t<img fetchpriority=\"high\" decoding=\"async\" width=\"387\" height=\"517\" src=\"https:\/\/natsci.uprrp.edu\/cahreus\/wp-content\/uploads\/sites\/24\/2022\/02\/Dr.-Angel-Morales.png\" class=\"attachment-large size-large wp-image-9638\" alt=\"\" srcset=\"https:\/\/natsci.uprrp.edu\/cahreus\/wp-content\/uploads\/sites\/24\/2022\/02\/Dr.-Angel-Morales.png 387w, https:\/\/natsci.uprrp.edu\/cahreus\/wp-content\/uploads\/sites\/24\/2022\/02\/Dr.-Angel-Morales-225x300.png 225w\" sizes=\"(max-width: 387px) 100vw, 387px\" \/>\t\t\t\t\t\t\t\t\t\t\t\t\t\t\t<\/div>\n\t\t\t\t<\/div>\n\t\t\t\t\t<\/div>\n\t\t<\/div>\n\t\t\t\t<div class=\"elementor-column elementor-col-66 elementor-top-column elementor-element elementor-element-c73d0fb\" data-id=\"c73d0fb\" data-element_type=\"column\" data-e-type=\"column\">\n\t\t\t<div class=\"elementor-widget-wrap elementor-element-populated\">\n\t\t\t\t\t\t<div class=\"elementor-element elementor-element-986d473 elementor-widget elementor-widget-text-editor\" data-id=\"986d473\" data-element_type=\"widget\" data-e-type=\"widget\" data-widget_type=\"text-editor.default\">\n\t\t\t\t<div class=\"elementor-widget-container\">\n\t\t\t\t\t\t\t\t\t<h2><span style=\"color: #ff0000\"><strong>Investigador: <\/strong>Dr. Angel L. Morales-Cruz<\/span><\/h2>\n<p>El Dr. Angel L. Morales-Cruz es natural de Las Piedras, Puerto Rico. El Dr. Morales&nbsp; finaliz\u00f3 en 1991 su bachillerato en qu\u00edmica Industrial en la Universidad de Puerto Rico Recinto de Humacao, en el 2001 finaliz\u00f3 su maestr\u00eda en Qu\u00edmica Anal\u00edtica en la Universidad de Puerto Rico Recinto de Rio Piedras y completo su Ph.D. en Qu\u00edmica Anal\u00edtica en la Universidad de Puerto Rico Recinto de Rio Piedras en el 2005, y durante los a\u00f1os 2007 al 2009 trabaj\u00f3 con Alianza para el mejoramiento profesional de los maestros de ciencias. El Dr. Morales como estudiante subgraduado le fue otorgada una beca por Minority Access to Research Careers (MARC) y ha sido siete veces galardonado por el programa de becas de NASA Glenn Faculty desde 2009 \u2013 2013, 2020 y 2021 para realizar estancias postdoctorales en Ciencias de Materiales. El Dr. Morales ha ense\u00f1ado algunos cursos que incluyen Qu\u00edmica General I y II, Qu\u00edmica f\u00edsica, Qu\u00edmica Anal\u00edtica Cuantitativa, Qu\u00edmica Instrumental, Qu\u00edmica de Cosm\u00e9ticos, Laboratorio de Qu\u00edmica General I y II, Laboratorio de Qu\u00edmica Anal\u00edtica, Laboratorio de Instrumental y Laboratorio de Qu\u00edmica de Cosm\u00e9ticos. Actualmente, el Dr. Morales es catedr\u00e1tico auxiliar en el Departamento de Qu\u00edmica de la universidad de Puerto Rico Recinto de Rio Piedras y se encuentra en el desarrollo de los Proyectos especiales nuevos para an\u00e1lisis instrumental como parte del proyecto CAHREUS y tambi\u00e9n&nbsp; est\u00e1 interesado en desarrollar materiales aplicados a la aeron\u00e1utica.&nbsp; &nbsp;&nbsp;<\/p>\n<p><\/p>\n<h2><span style=\"color: #ff0000\"><strong>Researcher: <\/strong>Dr. Angel L. Morales-Cruz<\/span><\/h2>\n<p>Dr. Angel L. Morales-Cruz is a native of Las Piedras, Puerto Rico. Dr. Morales finished his bachelor&#8217;s degree in Industrial Chemistry at the University of Puerto Rico Humacao Campus in 1991, in 2001 he finished his master&#8217;s degree in Analytical Chemistry at the University of Puerto Rico Rio Piedras Campus and completed his Ph.D. in Analytical Chemistry at the University of Puerto Rico Rio Piedras Campus in 2005, and from 2007 to 2009 he worked with Alianza for the professional improvement of science teachers. Dr. Morales as an undergraduate student was awarded a scholarship by Minority Access to Research Careers (MARC) and has been awarded seven times by the NASA Glenn Faculty scholarship program from 2009 \u2013 2013, 2020, and 2021 for postdoctoral stays in Science of materials. Dr. Morales has taught some courses including General Chemistry I and II, Physical Chemistry, Quantitative Analytical Chemistry, Instrumental Chemistry, Cosmetics Chemistry, General Chemistry Laboratory I and II, Analytical Chemistry Laboratory, Instrumental Laboratory, and Laboratory of Cosmetic Chemistry. Currently, Dr. Morales is an assistant professor in the Department of Chemistry at the University of Puerto Rico Rio Piedras Campus and is developing new special projects for instrumental analysis as part of the CAHREUS project, and is also interested in developing materials applied to aeronautics.<\/p>\n<p><\/p>\t\t\t\t\t\t\t\t<\/div>\n\t\t\t\t<\/div>\n\t\t\t\t\t<\/div>\n\t\t<\/div>\n\t\t\t\t\t<\/div>\n\t\t<\/section>\n\t\t\t\t<section class=\"elementor-section elementor-top-section elementor-element elementor-element-9f379e8 elementor-section-boxed elementor-section-height-default elementor-section-height-default\" data-id=\"9f379e8\" data-element_type=\"section\" data-e-type=\"section\">\n\t\t\t\t\t\t<div class=\"elementor-container elementor-column-gap-default\">\n\t\t\t\t\t<div class=\"elementor-column elementor-col-100 elementor-top-column elementor-element elementor-element-2c7614e\" data-id=\"2c7614e\" data-element_type=\"column\" data-e-type=\"column\">\n\t\t\t<div class=\"elementor-widget-wrap elementor-element-populated\">\n\t\t\t\t\t\t<div class=\"elementor-element elementor-element-68d28b6 elementor-widget-divider--view-line elementor-widget elementor-widget-divider\" data-id=\"68d28b6\" data-element_type=\"widget\" data-e-type=\"widget\" data-widget_type=\"divider.default\">\n\t\t\t\t<div class=\"elementor-widget-container\">\n\t\t\t\t\t\t\t<div class=\"elementor-divider\">\n\t\t\t<span class=\"elementor-divider-separator\">\n\t\t\t\t\t\t<\/span>\n\t\t<\/div>\n\t\t\t\t\t\t<\/div>\n\t\t\t\t<\/div>\n\t\t\t\t<div class=\"elementor-element elementor-element-e5eb517 elementor-widget elementor-widget-text-editor\" data-id=\"e5eb517\" data-element_type=\"widget\" data-e-type=\"widget\" data-widget_type=\"text-editor.default\">\n\t\t\t\t<div class=\"elementor-widget-container\">\n\t\t\t\t\t\t\t\t\t<h2><span style=\"color: #ff0000\">Informaci\u00f3n<\/span><\/h2><p><strong>Correo: <\/strong><span style=\"text-decoration: underline\"><span style=\"color: #0000ff;text-decoration: underline\">angel.morales@upr.edu<\/span><\/span> \u00a0<\/p><p><strong>Expertise: <\/strong>Qu\u00edmica General I y II, Qu\u00edmica f\u00edsica, Qu\u00edmica Anal\u00edtica Cuantitativa, Qu\u00edmica Instrumental, Qu\u00edmica de Cosm\u00e9ticos, Laboratorio de Qu\u00edmica General I y II, Laboratorio de Qu\u00edmica Anal\u00edtica, Laboratorio de Instrumental y Laboratorio de Qu\u00edmica de Cosm\u00e9ticos.\u00a0\u00a0<\/p><p><strong>Oficina: <\/strong>Ciencias Naturales CN-328<\/p><p><strong>Telefono de Oficina: <\/strong>787-764-0000 Ext. 88524<\/p><p><strong>Telefono de Laboratorio: <\/strong>N\/A<\/p><p><strong>Horas de Oficina:<\/strong> Lunes y Mi\u00e9rcoles de 9:30 \u2013 11:30 am<\/p><p><strong>Redes sociales: <\/strong>N\/A <strong>\u00a0<\/strong><\/p>\t\t\t\t\t\t\t\t<\/div>\n\t\t\t\t<\/div>\n\t\t\t\t\t<\/div>\n\t\t<\/div>\n\t\t\t\t\t<\/div>\n\t\t<\/section>\n\t\t\t\t<section class=\"elementor-section elementor-top-section elementor-element elementor-element-aaa0fa3 elementor-section-boxed elementor-section-height-default elementor-section-height-default\" data-id=\"aaa0fa3\" data-element_type=\"section\" data-e-type=\"section\">\n\t\t\t\t\t\t<div class=\"elementor-container elementor-column-gap-default\">\n\t\t\t\t\t<div class=\"elementor-column elementor-col-100 elementor-top-column elementor-element elementor-element-b29d946\" data-id=\"b29d946\" data-element_type=\"column\" data-e-type=\"column\">\n\t\t\t<div class=\"elementor-widget-wrap elementor-element-populated\">\n\t\t\t\t\t\t<div class=\"elementor-element elementor-element-be25ab5 elementor-widget-divider--view-line elementor-widget elementor-widget-divider\" data-id=\"be25ab5\" data-element_type=\"widget\" data-e-type=\"widget\" data-widget_type=\"divider.default\">\n\t\t\t\t<div class=\"elementor-widget-container\">\n\t\t\t\t\t\t\t<div class=\"elementor-divider\">\n\t\t\t<span class=\"elementor-divider-separator\">\n\t\t\t\t\t\t<\/span>\n\t\t<\/div>\n\t\t\t\t\t\t<\/div>\n\t\t\t\t<\/div>\n\t\t\t\t<div class=\"elementor-element elementor-element-16b5ee8 elementor-widget elementor-widget-text-editor\" data-id=\"16b5ee8\" data-element_type=\"widget\" data-e-type=\"widget\" data-widget_type=\"text-editor.default\">\n\t\t\t\t<div class=\"elementor-widget-container\">\n\t\t\t\t\t\t\t\t\t<h2><span style=\"color: #ff0000\"><strong>Publicaciones<\/strong><\/span><\/h2><p><strong>Morales-Cruz, \u00c1. L<\/strong>., Ortiz-Andrade, B. M., Del Pilar-Albaladejo, J., D\u00edaz-V\u00e1zquez, L. M., Rivera-Gonz\u00e1lez, U., &amp; L\u00f3pez-Mej\u00edas, V. (2021). Remote pandemic teaching in quantitative and instrumental chemical analysis courses at a Hispanic serving institution. <em>Analytical and bioanalytical chemistry<\/em>, 413(11), 2845-2853.<\/p><p><strong>Morales-Cruz, A. L<\/strong>., Hurst, J., &amp; Santiago, D. (2015). Study of the Interface\/Bonding of Boron Nitride (BN) Nanocomposites. <em>MRS Online Proceedings Library (OPL)<\/em>, 1767, 145-151.<\/p><p><strong>Morales-Cruz, A. L.<\/strong>, Fachini, E. R., Miranda, F. A., &amp; Cabrera, C. R. (2007). Surface analysis monitoring of polyelectrolyte deposition on Ba0. 5Sr0. 5TiO3 thin films. <em>Applied surface science<\/em>, 253(22), 8846-8857.<\/p><p><strong>Morales-Cruz, A. L<\/strong>., Van Keuls, F. W., Miranda, F. A., &amp; Cabrera, C. R. (2005). Self-assembled monolayers and chemical derivatization of Ba0. 5Sr0. 5TiO3 thin films: Applications in phase shifter devices. <em>Applied surface science<\/em>, 252(4), 981-995.<\/p><p><strong>Morales-Cruz, A. L<\/strong>., Tremont, R., Mart\u00ednez, R., Roma\u00f1ach, R., &amp; Cabrera, C. R. (2005). Atomic force measurements of 16-mercaptohexadecanoic acid and its salt with CH3, OH, and CONHCH3 functionalized self-assembled monolayers. <em>Applied surface science<\/em>, 241(3-4), 371-383.\u00a0\u00a0\u00a0\u00a0\u00a0<\/p>\t\t\t\t\t\t\t\t<\/div>\n\t\t\t\t<\/div>\n\t\t\t\t\t<\/div>\n\t\t<\/div>\n\t\t\t\t\t<\/div>\n\t\t<\/section>\n\t\t\t\t<\/div>\n\t\t","protected":false},"excerpt":{"rendered":"<p>Investigador: Dr. Angel L. Morales-Cruz El Dr. Angel L. Morales-Cruz es natural de Las Piedras, Puerto Rico. El Dr. Morales&nbsp; finaliz\u00f3 en 1991 su bachillerato en qu\u00edmica Industrial en la Universidad de Puerto Rico Recinto de Humacao, en el 2001 &hellip; <\/p>\n","protected":false},"author":41,"featured_media":0,"parent":9063,"menu_order":0,"comment_status":"closed","ping_status":"closed","template":"","meta":{"_bbp_topic_count":0,"_bbp_reply_count":0,"_bbp_total_topic_count":0,"_bbp_total_reply_count":0,"_bbp_voice_count":0,"_bbp_anonymous_reply_count":0,"_bbp_topic_count_hidden":0,"_bbp_reply_count_hidden":0,"_bbp_forum_subforum_count":0,"rs_blank_template":"","rs_page_bg_color":"","slide_template_v7":"","footnotes":""},"class_list":["post-9153","page","type-page","status-publish","hentry"],"_links":{"self":[{"href":"https:\/\/natsci.uprrp.edu\/cahreus\/wp-json\/wp\/v2\/pages\/9153","targetHints":{"allow":["GET"]}}],"collection":[{"href":"https:\/\/natsci.uprrp.edu\/cahreus\/wp-json\/wp\/v2\/pages"}],"about":[{"href":"https:\/\/natsci.uprrp.edu\/cahreus\/wp-json\/wp\/v2\/types\/page"}],"author":[{"embeddable":true,"href":"https:\/\/natsci.uprrp.edu\/cahreus\/wp-json\/wp\/v2\/users\/41"}],"replies":[{"embeddable":true,"href":"https:\/\/natsci.uprrp.edu\/cahreus\/wp-json\/wp\/v2\/comments?post=9153"}],"version-history":[{"count":10,"href":"https:\/\/natsci.uprrp.edu\/cahreus\/wp-json\/wp\/v2\/pages\/9153\/revisions"}],"predecessor-version":[{"id":9679,"href":"https:\/\/natsci.uprrp.edu\/cahreus\/wp-json\/wp\/v2\/pages\/9153\/revisions\/9679"}],"up":[{"embeddable":true,"href":"https:\/\/natsci.uprrp.edu\/cahreus\/wp-json\/wp\/v2\/pages\/9063"}],"wp:attachment":[{"href":"https:\/\/natsci.uprrp.edu\/cahreus\/wp-json\/wp\/v2\/media?parent=9153"}],"curies":[{"name":"wp","href":"https:\/\/api.w.org\/{rel}","templated":true}]}}