{"id":9151,"date":"2022-01-24T16:37:13","date_gmt":"2022-01-24T16:37:13","guid":{"rendered":"https:\/\/natsci.uprrp.edu\/cahreus\/?page_id=9151"},"modified":"2023-09-21T15:24:03","modified_gmt":"2023-09-21T15:24:03","slug":"uriel-rivera-m-s","status":"publish","type":"page","link":"https:\/\/natsci.uprrp.edu\/cahreus\/equipo\/uriel-rivera-m-s\/","title":{"rendered":"Uriel Rivera, Ed.D."},"content":{"rendered":"\t\t<div data-elementor-type=\"wp-page\" data-elementor-id=\"9151\" class=\"elementor elementor-9151\">\n\t\t\t\t\t\t<section class=\"elementor-section elementor-top-section elementor-element elementor-element-4a83a92 elementor-section-boxed elementor-section-height-default elementor-section-height-default\" data-id=\"4a83a92\" data-element_type=\"section\" data-e-type=\"section\">\n\t\t\t\t\t\t<div class=\"elementor-container elementor-column-gap-default\">\n\t\t\t\t\t<div class=\"elementor-column elementor-col-100 elementor-top-column elementor-element elementor-element-3627aae\" data-id=\"3627aae\" data-element_type=\"column\" data-e-type=\"column\">\n\t\t\t<div class=\"elementor-widget-wrap elementor-element-populated\">\n\t\t\t\t\t\t<div class=\"elementor-element elementor-element-1a6ccb7 elementor-widget-divider--view-line elementor-widget elementor-widget-divider\" data-id=\"1a6ccb7\" data-element_type=\"widget\" data-e-type=\"widget\" data-widget_type=\"divider.default\">\n\t\t\t\t<div class=\"elementor-widget-container\">\n\t\t\t\t\t\t\t<div class=\"elementor-divider\">\n\t\t\t<span class=\"elementor-divider-separator\">\n\t\t\t\t\t\t<\/span>\n\t\t<\/div>\n\t\t\t\t\t\t<\/div>\n\t\t\t\t<\/div>\n\t\t\t\t\t<\/div>\n\t\t<\/div>\n\t\t\t\t\t<\/div>\n\t\t<\/section>\n\t\t\t\t<section class=\"elementor-section elementor-top-section elementor-element elementor-element-61a4b86 elementor-section-boxed elementor-section-height-default elementor-section-height-default\" data-id=\"61a4b86\" data-element_type=\"section\" data-e-type=\"section\">\n\t\t\t\t\t\t<div class=\"elementor-container elementor-column-gap-default\">\n\t\t\t\t\t<div class=\"elementor-column elementor-col-33 elementor-top-column elementor-element elementor-element-f1a2fd6\" data-id=\"f1a2fd6\" data-element_type=\"column\" data-e-type=\"column\">\n\t\t\t<div class=\"elementor-widget-wrap elementor-element-populated\">\n\t\t\t\t\t\t<div class=\"elementor-element elementor-element-2f580ef elementor-widget elementor-widget-image\" data-id=\"2f580ef\" data-element_type=\"widget\" data-e-type=\"widget\" data-widget_type=\"image.default\">\n\t\t\t\t<div class=\"elementor-widget-container\">\n\t\t\t\t\t\t\t\t\t\t\t\t\t\t\t<img fetchpriority=\"high\" decoding=\"async\" width=\"640\" height=\"640\" src=\"https:\/\/natsci.uprrp.edu\/cahreus\/wp-content\/uploads\/sites\/24\/2022\/02\/Dr.-Uriel-Rivera-Gonzalez.jpg\" class=\"attachment-large size-large wp-image-9630\" alt=\"\" srcset=\"https:\/\/natsci.uprrp.edu\/cahreus\/wp-content\/uploads\/sites\/24\/2022\/02\/Dr.-Uriel-Rivera-Gonzalez.jpg 750w, https:\/\/natsci.uprrp.edu\/cahreus\/wp-content\/uploads\/sites\/24\/2022\/02\/Dr.-Uriel-Rivera-Gonzalez-300x300.jpg 300w, https:\/\/natsci.uprrp.edu\/cahreus\/wp-content\/uploads\/sites\/24\/2022\/02\/Dr.-Uriel-Rivera-Gonzalez-150x150.jpg 150w\" sizes=\"(max-width: 640px) 100vw, 640px\" \/>\t\t\t\t\t\t\t\t\t\t\t\t\t\t\t<\/div>\n\t\t\t\t<\/div>\n\t\t\t\t\t<\/div>\n\t\t<\/div>\n\t\t\t\t<div class=\"elementor-column elementor-col-66 elementor-top-column elementor-element elementor-element-fbb206d\" data-id=\"fbb206d\" data-element_type=\"column\" data-e-type=\"column\">\n\t\t\t<div class=\"elementor-widget-wrap elementor-element-populated\">\n\t\t\t\t\t\t<div class=\"elementor-element elementor-element-ded2dac elementor-widget elementor-widget-text-editor\" data-id=\"ded2dac\" data-element_type=\"widget\" data-e-type=\"widget\" data-widget_type=\"text-editor.default\">\n\t\t\t\t<div class=\"elementor-widget-container\">\n\t\t\t\t\t\t\t\t\t<h2><span style=\"color: #ff0000\"><strong>Investigador: <\/strong>Ed.D. Uriel Rivera Gonz\u00e1lez<\/span><\/h2>\n<p>El M.S. Uriel Rivera Gonz\u00e1lez es natural de Villalba, Puerto Rico. El M.S. Rivera finaliz\u00f3 en 2011 su bachillerato en qu\u00edmica en la Pontificia Universidad Cat\u00f3lica de Puerto Rico, en el 2016 finaliz\u00f3 su maestr\u00eda en Qu\u00edmica Anal\u00edtica en la Universidad de Puerto Rico Recinto de Rio Piedras y en el 2022 finalizara su Ed.D. en Educaci\u00f3n en Curr\u00edculo y Ense\u00f1anza en la misma instituci\u00f3n. El M.S. Rivera ha ense\u00f1ado algunos cursos que incluyen Qu\u00edmica General, An\u00e1lisis Qu\u00edmico y Qu\u00edmica Instrumental. Actualmente, el M.S. Rivera es catedr\u00e1tico auxiliar en el Departamento de Qu\u00edmica de la Universidad de Puerto Rico Recinto de Rio Piedras y es el coordinador del Laboratorio de An\u00e1lisis Qu\u00edmico como parte del proyecto CAHREUS, y est\u00e1 interesado en el desarrollo y la implementaci\u00f3n de la educaci\u00f3n basado en servicio aplicados en Qu\u00edmica y sensores electroqu\u00edmicos.<\/p>\n<h2><span style=\"color: #ff0000\"><strong>Researcher: <\/strong>Ed.D. Uriel Rivera Gonz\u00e1lez<\/span><\/h2>\n<p>The M.S. &nbsp;Uriel Rivera Gonz\u00e1lez is native of Villalba, Puerto Rico. The M.S. Rivera completed his bachelor&#8217;s degree in chemistry at the Pontifical Catholic University of Puerto Rico in 2011, in 2016 he completed his master&#8217;s degree in Analytical Chemistry at the University of Puerto Rico Rio Piedras Campus, and in 2022 he will finish his Ed.D. in Education in Curriculum and Teaching at the same institution. The M.S. Rivera has taught some courses including General Chemistry, Chemical Analysis, and Instrumental Chemistry. Currently, Dr. Rivera is an assistant professor in the Department of Chemistry at the University of Puerto Rico Rio Piedras Campus and is the Coordinator of the Chemical Analysis Laboratory as part of the CAHREUS project and is interested in the development and implementation of the Applied service-based education in Chemistry and Electrochemical Sensors.&nbsp;<\/p>\t\t\t\t\t\t\t\t<\/div>\n\t\t\t\t<\/div>\n\t\t\t\t\t<\/div>\n\t\t<\/div>\n\t\t\t\t\t<\/div>\n\t\t<\/section>\n\t\t\t\t<section class=\"elementor-section elementor-top-section elementor-element elementor-element-6d71cac elementor-section-boxed elementor-section-height-default elementor-section-height-default\" data-id=\"6d71cac\" data-element_type=\"section\" data-e-type=\"section\">\n\t\t\t\t\t\t<div class=\"elementor-container elementor-column-gap-default\">\n\t\t\t\t\t<div class=\"elementor-column elementor-col-100 elementor-top-column elementor-element elementor-element-3cec995\" data-id=\"3cec995\" data-element_type=\"column\" data-e-type=\"column\">\n\t\t\t<div class=\"elementor-widget-wrap elementor-element-populated\">\n\t\t\t\t\t\t<div class=\"elementor-element elementor-element-7528773 elementor-widget-divider--view-line elementor-widget elementor-widget-divider\" data-id=\"7528773\" data-element_type=\"widget\" data-e-type=\"widget\" data-widget_type=\"divider.default\">\n\t\t\t\t<div class=\"elementor-widget-container\">\n\t\t\t\t\t\t\t<div class=\"elementor-divider\">\n\t\t\t<span class=\"elementor-divider-separator\">\n\t\t\t\t\t\t<\/span>\n\t\t<\/div>\n\t\t\t\t\t\t<\/div>\n\t\t\t\t<\/div>\n\t\t\t\t<div class=\"elementor-element elementor-element-71144f9 elementor-widget elementor-widget-text-editor\" data-id=\"71144f9\" data-element_type=\"widget\" data-e-type=\"widget\" data-widget_type=\"text-editor.default\">\n\t\t\t\t<div class=\"elementor-widget-container\">\n\t\t\t\t\t\t\t\t\t<h2><span style=\"color: #ff0000\">Informaci\u00f3n<\/span><\/h2><p><strong>Correo: <\/strong><span style=\"text-decoration: underline\"><a href=\"mailto:uriel.rivera@upr.edu\">uriel.rivera@upr.edu<\/a><\/span><\/p><p><strong>Expertise: <\/strong>Qu\u00edmica General, An\u00e1lisis Qu\u00edmico, Electroqu\u00edmica y Qu\u00edmica Educacional. \u00a0<\/p><p><strong>Oficina: <\/strong>Ciencias Naturales CN-333<\/p><p><strong>T\u00e9lefono de Oficina: <\/strong>787-764-0000, Ext. 88531<\/p><p><strong>T\u00e9lefono de Laboratorio: <\/strong>787-764-0000 Ext. 88522<\/p><p><strong>Horas de Oficina: <\/strong>Lunes y Mi\u00e9rcoles de 4:00 \u2013 6:00 pm; Jueves 12:00 \u2013 2:00 pm<\/p><p><strong>Redes Sociales:<\/strong> N\/A<\/p>\t\t\t\t\t\t\t\t<\/div>\n\t\t\t\t<\/div>\n\t\t\t\t\t<\/div>\n\t\t<\/div>\n\t\t\t\t\t<\/div>\n\t\t<\/section>\n\t\t\t\t<section class=\"elementor-section elementor-top-section elementor-element elementor-element-34b194c elementor-section-boxed elementor-section-height-default elementor-section-height-default\" data-id=\"34b194c\" data-element_type=\"section\" data-e-type=\"section\">\n\t\t\t\t\t\t<div class=\"elementor-container elementor-column-gap-default\">\n\t\t\t\t\t<div class=\"elementor-column elementor-col-100 elementor-top-column elementor-element elementor-element-fcd065e\" data-id=\"fcd065e\" data-element_type=\"column\" data-e-type=\"column\">\n\t\t\t<div class=\"elementor-widget-wrap elementor-element-populated\">\n\t\t\t\t\t\t<div class=\"elementor-element elementor-element-13518c0 elementor-widget-divider--view-line elementor-widget elementor-widget-divider\" data-id=\"13518c0\" data-element_type=\"widget\" data-e-type=\"widget\" data-widget_type=\"divider.default\">\n\t\t\t\t<div class=\"elementor-widget-container\">\n\t\t\t\t\t\t\t<div class=\"elementor-divider\">\n\t\t\t<span class=\"elementor-divider-separator\">\n\t\t\t\t\t\t<\/span>\n\t\t<\/div>\n\t\t\t\t\t\t<\/div>\n\t\t\t\t<\/div>\n\t\t\t\t<div class=\"elementor-element elementor-element-9f47b31 elementor-widget elementor-widget-text-editor\" data-id=\"9f47b31\" data-element_type=\"widget\" data-e-type=\"widget\" data-widget_type=\"text-editor.default\">\n\t\t\t\t<div class=\"elementor-widget-container\">\n\t\t\t\t\t\t\t\t\t<h2><span style=\"color: #ff0000\"><strong>Publicaciones <\/strong><\/span><\/h2><p><strong>\u00a0<\/strong>Mu\u00f1oz-Hern\u00e1ndez, L., D\u00edaz-V\u00e1zquez, L. M., D\u00e1vila-D\u00edaz, K., <strong>Rivera-Gonz\u00e1lez, U<\/strong>., Torres-D\u00edaz, M., Malca-Reyes, C. A., Mahomedova, R. (2021). Qu\u00edmica Divertida- Manual para Maestros- Octavo Grado. Universidad de Puerto Rico.<\/p><p>Morales-Cruz, A. L., Ortiz-Andrade, B. M., Del Pilar-Albajadejo, J., D\u00edaz-V\u00e1zquez, L., <strong>Rivera-Gonz\u00e1lez, U<\/strong>., L\u00f3pez-Mej\u00edas, V. (2021). Remote Pandemic Teaching in Quantitative and Instrumental Chemical Analysis Courses at a Hispanic Serving Institution. Analytical and Bioanalytical Chemistry, 413(11), 2845-2853. https:\/\/doi.org\/10.1007\/s00216-021-03243-5.<\/p>\t\t\t\t\t\t\t\t<\/div>\n\t\t\t\t<\/div>\n\t\t\t\t\t<\/div>\n\t\t<\/div>\n\t\t\t\t\t<\/div>\n\t\t<\/section>\n\t\t\t\t<\/div>\n\t\t","protected":false},"excerpt":{"rendered":"<p>Investigador: Ed.D. Uriel Rivera Gonz\u00e1lez El M.S. Uriel Rivera Gonz\u00e1lez es natural de Villalba, Puerto Rico. El M.S. Rivera finaliz\u00f3 en 2011 su bachillerato en qu\u00edmica en la Pontificia Universidad Cat\u00f3lica de Puerto Rico, en el 2016 finaliz\u00f3 su maestr\u00eda &hellip; <\/p>\n","protected":false},"author":41,"featured_media":0,"parent":9063,"menu_order":0,"comment_status":"closed","ping_status":"closed","template":"","meta":{"_bbp_topic_count":0,"_bbp_reply_count":0,"_bbp_total_topic_count":0,"_bbp_total_reply_count":0,"_bbp_voice_count":0,"_bbp_anonymous_reply_count":0,"_bbp_topic_count_hidden":0,"_bbp_reply_count_hidden":0,"_bbp_forum_subforum_count":0,"footnotes":""},"class_list":["post-9151","page","type-page","status-publish","hentry"],"_links":{"self":[{"href":"https:\/\/natsci.uprrp.edu\/cahreus\/wp-json\/wp\/v2\/pages\/9151","targetHints":{"allow":["GET"]}}],"collection":[{"href":"https:\/\/natsci.uprrp.edu\/cahreus\/wp-json\/wp\/v2\/pages"}],"about":[{"href":"https:\/\/natsci.uprrp.edu\/cahreus\/wp-json\/wp\/v2\/types\/page"}],"author":[{"embeddable":true,"href":"https:\/\/natsci.uprrp.edu\/cahreus\/wp-json\/wp\/v2\/users\/41"}],"replies":[{"embeddable":true,"href":"https:\/\/natsci.uprrp.edu\/cahreus\/wp-json\/wp\/v2\/comments?post=9151"}],"version-history":[{"count":12,"href":"https:\/\/natsci.uprrp.edu\/cahreus\/wp-json\/wp\/v2\/pages\/9151\/revisions"}],"predecessor-version":[{"id":10449,"href":"https:\/\/natsci.uprrp.edu\/cahreus\/wp-json\/wp\/v2\/pages\/9151\/revisions\/10449"}],"up":[{"embeddable":true,"href":"https:\/\/natsci.uprrp.edu\/cahreus\/wp-json\/wp\/v2\/pages\/9063"}],"wp:attachment":[{"href":"https:\/\/natsci.uprrp.edu\/cahreus\/wp-json\/wp\/v2\/media?parent=9151"}],"curies":[{"name":"wp","href":"https:\/\/api.w.org\/{rel}","templated":true}]}}