{"id":9147,"date":"2022-01-24T16:36:29","date_gmt":"2022-01-24T16:36:29","guid":{"rendered":"https:\/\/natsci.uprrp.edu\/cahreus\/?page_id=9147"},"modified":"2022-02-09T20:34:44","modified_gmt":"2022-02-09T20:34:44","slug":"raul-rodriguez-ph-d","status":"publish","type":"page","link":"https:\/\/natsci.uprrp.edu\/cahreus\/equipo\/raul-rodriguez-ph-d\/","title":{"rendered":"Ra\u00fal Rodr\u00edguez, Ph.D."},"content":{"rendered":"\t\t<div data-elementor-type=\"wp-page\" data-elementor-id=\"9147\" class=\"elementor elementor-9147\">\n\t\t\t\t\t\t<section class=\"elementor-section elementor-top-section elementor-element elementor-element-180377f elementor-section-boxed elementor-section-height-default elementor-section-height-default\" data-id=\"180377f\" data-element_type=\"section\" data-e-type=\"section\">\n\t\t\t\t\t\t<div class=\"elementor-container elementor-column-gap-default\">\n\t\t\t\t\t<div class=\"elementor-column elementor-col-100 elementor-top-column elementor-element elementor-element-e00f37b\" data-id=\"e00f37b\" data-element_type=\"column\" data-e-type=\"column\">\n\t\t\t<div class=\"elementor-widget-wrap elementor-element-populated\">\n\t\t\t\t\t\t<div class=\"elementor-element elementor-element-97a1aed elementor-widget-divider--view-line elementor-widget elementor-widget-divider\" data-id=\"97a1aed\" data-element_type=\"widget\" data-e-type=\"widget\" data-widget_type=\"divider.default\">\n\t\t\t\t<div class=\"elementor-widget-container\">\n\t\t\t\t\t\t\t<div class=\"elementor-divider\">\n\t\t\t<span class=\"elementor-divider-separator\">\n\t\t\t\t\t\t<\/span>\n\t\t<\/div>\n\t\t\t\t\t\t<\/div>\n\t\t\t\t<\/div>\n\t\t\t\t\t<\/div>\n\t\t<\/div>\n\t\t\t\t\t<\/div>\n\t\t<\/section>\n\t\t\t\t<section class=\"elementor-section elementor-top-section elementor-element elementor-element-8fc8684 elementor-section-boxed elementor-section-height-default elementor-section-height-default\" data-id=\"8fc8684\" data-element_type=\"section\" data-e-type=\"section\">\n\t\t\t\t\t\t<div class=\"elementor-container elementor-column-gap-default\">\n\t\t\t\t\t<div class=\"elementor-column elementor-col-33 elementor-top-column elementor-element elementor-element-92746d7\" data-id=\"92746d7\" data-element_type=\"column\" data-e-type=\"column\">\n\t\t\t<div class=\"elementor-widget-wrap elementor-element-populated\">\n\t\t\t\t\t\t<div class=\"elementor-element elementor-element-4035ec3 elementor-widget elementor-widget-image\" data-id=\"4035ec3\" data-element_type=\"widget\" data-e-type=\"widget\" data-widget_type=\"image.default\">\n\t\t\t\t<div class=\"elementor-widget-container\">\n\t\t\t\t\t\t\t\t\t\t\t\t\t\t\t<img fetchpriority=\"high\" decoding=\"async\" width=\"541\" height=\"432\" src=\"https:\/\/natsci.uprrp.edu\/cahreus\/wp-content\/uploads\/sites\/24\/2022\/02\/Dr.-Raul-R-Rodriguez-Berrios.jpg\" class=\"attachment-large size-large wp-image-9629\" alt=\"\" srcset=\"https:\/\/natsci.uprrp.edu\/cahreus\/wp-content\/uploads\/sites\/24\/2022\/02\/Dr.-Raul-R-Rodriguez-Berrios.jpg 541w, https:\/\/natsci.uprrp.edu\/cahreus\/wp-content\/uploads\/sites\/24\/2022\/02\/Dr.-Raul-R-Rodriguez-Berrios-300x240.jpg 300w\" sizes=\"(max-width: 541px) 100vw, 541px\" \/>\t\t\t\t\t\t\t\t\t\t\t\t\t\t\t<\/div>\n\t\t\t\t<\/div>\n\t\t\t\t\t<\/div>\n\t\t<\/div>\n\t\t\t\t<div class=\"elementor-column elementor-col-66 elementor-top-column elementor-element elementor-element-01c1903\" data-id=\"01c1903\" data-element_type=\"column\" data-e-type=\"column\">\n\t\t\t<div class=\"elementor-widget-wrap elementor-element-populated\">\n\t\t\t\t\t\t<div class=\"elementor-element elementor-element-58f77dd elementor-widget elementor-widget-text-editor\" data-id=\"58f77dd\" data-element_type=\"widget\" data-e-type=\"widget\" data-widget_type=\"text-editor.default\">\n\t\t\t\t<div class=\"elementor-widget-container\">\n\t\t\t\t\t\t\t\t\t<h2><span style=\"color: #ff0000\"><strong>Investigador: <\/strong>Dr. Ra\u00fal R. Rodr\u00edguez Berrios<\/span><\/h2><p>El Dr. Ra\u00fal R. Rodr\u00edguez Berrios es natural de Orocovis, Puerto Rico. El Dr. Rodr\u00edguez\u00a0 finaliz\u00f3 en el 2004 su bachillerato en qu\u00edmica en la Universidad de Puerto Rico Recinto de Cayey y completo su Ph.D. en Qu\u00edmica org\u00e1nica en la Universidad de Puerto Rico Recinto de Rio Piedras en el 2010. Durante sus estudios doctorales fue becado por los programas Research Initiative for Student Enhancement Program (RISE), la fundaci\u00f3n Alfred P. Sloan (NACME) y la Compa\u00f1\u00eda de Fomento Industrial de Puerto Rico (PRIDCO). En el 2011 el Instituto Nacional de Ciencias M\u00e9dicas Generales (NIGMS) le otorg\u00f3 al Dr. Rodr\u00edguez una beca para realizar un postdoctorado en s\u00edntesis org\u00e1nica en la Universidad de Texas en Austin. Ese mismo a\u00f1o fue seleccionado y reconocido como uno de los 15 cient\u00edficos j\u00f3venes puertorrique\u00f1os m\u00e1s destacados dentro y fuera de Puerto Rico por la Uni\u00f3n Internacional de Qu\u00edmica Pura y Aplicada (IUPAC). En el 2014 fue galardonado con la beca Iberoamericana para profesores j\u00f3venes investigadores de Santander Universidades y su m\u00e1s reciente logro como cient\u00edfico fue en el 2019 cuando el programa \u201cPuerto Rico Louis Stokes Alliance For Minority Participation (PR-LSAMP) le otorga una beca para hacer un internado de verano. El Dr. Rodr\u00edguez ha ense\u00f1ado algunos cursos que incluyen Qu\u00edmica General, Qu\u00edmica Org\u00e1nica, Bioqu\u00edmica, Qu\u00edmica Anal\u00edtica, Qu\u00edmica de Productos Naturales y Ciencias de Alimentos. Actualmente, el Dr. Rodr\u00edguez es profesor e investigador en el \u00e1rea de educaci\u00f3n en qu\u00edmica org\u00e1nica y se encuentra en el desarrollo de nuevas experiencias de laboratorio que integren la tecnolog\u00eda e instrumentaci\u00f3n para realizar investigaci\u00f3n en los laboratorios de ense\u00f1anza subgraduada para los cursos de org\u00e1nica y bioqu\u00edmica como parte del proyecto CAHREUS. Adem\u00e1s, estudiar\u00e1 el aprovechamiento, percepci\u00f3n y aprendizaje de los estudiantes en los cursos de qu\u00edmica org\u00e1nica, bioqu\u00edmica y electivas relacionadas a nivel graduado y subgraduado como qu\u00edmica de alimentos y productos naturales. Tambi\u00e9n est\u00e1 interesado en desarrollar proyectos de investigaci\u00f3n dirigidos a la preparaci\u00f3n de nuevos nanomateriales usando fullerenos y s\u00edntesis de nuevas drogas o materiales basadas en hormonas sexuales que puedan tener aplicaciones en la medicina.<\/p><h2><span style=\"color: #ff0000\"><strong>Researcher: <\/strong>Dr. Ra\u00fal R. Rodr\u00edguez Berrios<\/span><\/h2><p>Dr. Ra\u00fal R. Rodr\u00edguez Berrios is native of Orocovis, Puerto Rico. In 2004, Dr. Rodr\u00edguez finished his bachelor&#8217;s degree in chemistry at the University of Puerto Rico Cayey Campus and completed his Ph.D. in Organic Chemistry at the University of Puerto Rico Rio Piedras Campus in 2010. During his doctoral studies, he received scholarships from the Research Initiative for Student Enhancement Program (RISE), the Alfred P. Sloan Foundation (NACME), and the Puerto Rico Industrial Development Company (PRIDCO). In 2011, the National Institute of General Medical Sciences (NIGMS) awarded Dr. Rodr\u00edguez a postdoctoral fellowship in organic synthesis at the University of Texas at Austin. That same year he was selected and recognized as one of the 15 most outstanding young Puerto Rican scientists inside and outside of Puerto Rico by the International Union of Pure and Applied Chemistry (IUPAC). In 2014 he was awarded the Ibero-American scholarship for young research professors from Santander Universities and his most recent achievement as a scientist was in 2019 when the \u201cPuerto Rico Louis Stokes Alliance For Minority Participation (PR-LSAMP) program awarded him a scholarship to do a summer internship. Dr. Rodr\u00edguez has taught a few courses including General Chemistry, Organic Chemistry, Biochemistry, Analytical Chemistry, Natural Product Chemistry, and Food Science. Currently, Dr. Rodr\u00edguez is a professor and researcher in the organic chemistry education area and is in the development of new laboratory experiences that integrate technology and instrumentation to carry out research in undergraduate teaching laboratories for organic and biochemistry courses as part of the CAHREUS project. In addition, he will study the use, perception, and learning in organic chemistry and biochemistry, and elective courses such as food and natural product chemistry at the graduate and undergraduate levels. He is also interested in developing research projects aimed at the preparation of new nanomaterials using fullerenes and the synthesis of new drugs or materials based on sex hormones that may have applications in medicine.<\/p>\t\t\t\t\t\t\t\t<\/div>\n\t\t\t\t<\/div>\n\t\t\t\t\t<\/div>\n\t\t<\/div>\n\t\t\t\t\t<\/div>\n\t\t<\/section>\n\t\t\t\t<section class=\"elementor-section elementor-top-section elementor-element elementor-element-e6f93ce elementor-section-boxed elementor-section-height-default elementor-section-height-default\" data-id=\"e6f93ce\" data-element_type=\"section\" data-e-type=\"section\">\n\t\t\t\t\t\t<div class=\"elementor-container elementor-column-gap-default\">\n\t\t\t\t\t<div class=\"elementor-column elementor-col-100 elementor-top-column elementor-element elementor-element-a054f68\" data-id=\"a054f68\" data-element_type=\"column\" data-e-type=\"column\">\n\t\t\t<div class=\"elementor-widget-wrap elementor-element-populated\">\n\t\t\t\t\t\t<div class=\"elementor-element elementor-element-eff0e11 elementor-widget-divider--view-line elementor-widget elementor-widget-divider\" data-id=\"eff0e11\" data-element_type=\"widget\" data-e-type=\"widget\" data-widget_type=\"divider.default\">\n\t\t\t\t<div class=\"elementor-widget-container\">\n\t\t\t\t\t\t\t<div class=\"elementor-divider\">\n\t\t\t<span class=\"elementor-divider-separator\">\n\t\t\t\t\t\t<\/span>\n\t\t<\/div>\n\t\t\t\t\t\t<\/div>\n\t\t\t\t<\/div>\n\t\t\t\t<div class=\"elementor-element elementor-element-180aa8f elementor-widget elementor-widget-text-editor\" data-id=\"180aa8f\" data-element_type=\"widget\" data-e-type=\"widget\" data-widget_type=\"text-editor.default\">\n\t\t\t\t<div class=\"elementor-widget-container\">\n\t\t\t\t\t\t\t\t\t<h2><span style=\"color: #ff0000\">Informaci\u00f3n<\/span><\/h2><p><strong>Correo: <\/strong><span style=\"text-decoration: underline\"><a href=\"mailto:raulr.rodriguez@upr.edu\">raulr.rodriguez@upr.edu<\/a><\/span><\/p><p><strong>Expertise: <\/strong>Qu\u00edmica Org\u00e1nica y Bioqu\u00edmica<\/p><p><strong>Oficina: <\/strong>Ciencias Naturales CN-228 y Laboratorio educaci\u00f3n en Bioqu\u00edmica &amp; Inorg\u00e1nica CN-202B<\/p><p><strong>Tel\u00e9fono de Oficina: <\/strong>787-764-0000 Ext. 88514<\/p><p><strong>Tel\u00e9fono de Laboratorio: <\/strong>787-764-0000 Ext: 88505<\/p><p><strong>Horas de Oficina: <\/strong>Martes 1:30 \u2013 4:30 pm<\/p><p><strong>Redes sociales:<\/strong> No a\u00fan<\/p>\t\t\t\t\t\t\t\t<\/div>\n\t\t\t\t<\/div>\n\t\t\t\t\t<\/div>\n\t\t<\/div>\n\t\t\t\t\t<\/div>\n\t\t<\/section>\n\t\t\t\t<section class=\"elementor-section elementor-top-section elementor-element elementor-element-37ecd0e elementor-section-boxed elementor-section-height-default elementor-section-height-default\" data-id=\"37ecd0e\" data-element_type=\"section\" data-e-type=\"section\">\n\t\t\t\t\t\t<div class=\"elementor-container elementor-column-gap-default\">\n\t\t\t\t\t<div class=\"elementor-column elementor-col-100 elementor-top-column elementor-element elementor-element-f50648c\" data-id=\"f50648c\" data-element_type=\"column\" data-e-type=\"column\">\n\t\t\t<div class=\"elementor-widget-wrap elementor-element-populated\">\n\t\t\t\t\t\t<div class=\"elementor-element elementor-element-b2182d6 elementor-widget-divider--view-line elementor-widget elementor-widget-divider\" data-id=\"b2182d6\" data-element_type=\"widget\" data-e-type=\"widget\" data-widget_type=\"divider.default\">\n\t\t\t\t<div class=\"elementor-widget-container\">\n\t\t\t\t\t\t\t<div class=\"elementor-divider\">\n\t\t\t<span class=\"elementor-divider-separator\">\n\t\t\t\t\t\t<\/span>\n\t\t<\/div>\n\t\t\t\t\t\t<\/div>\n\t\t\t\t<\/div>\n\t\t\t\t<div class=\"elementor-element elementor-element-045479b elementor-widget elementor-widget-text-editor\" data-id=\"045479b\" data-element_type=\"widget\" data-e-type=\"widget\" data-widget_type=\"text-editor.default\">\n\t\t\t\t<div class=\"elementor-widget-container\">\n\t\t\t\t\t\t\t\t\t<h2><span style=\"color: #ff0000\"><strong>Publicaciones<\/strong><\/span><\/h2><p>Prieto, J. A., Torres, J. R., &amp; <strong>Rodr\u00edguez-Berrios, R<\/strong>. (2014). Regiocontrolled Ring Opening of Monoprotected 2, 3-Epoxy-1, 4-diols by Using Alkynyl Aluminum Reagents: Synthesis of Differentially Monoprotected Alkynyl Triol Derivatives.\u00a0<em>Synlett<\/em>,\u00a0<em>25<\/em>(03), 433-437.<\/p><p><strong>Rodr\u00edguez-Berr\u00edos, R. R<\/strong>., Torres, G., &amp; Prieto, J. A. (2011). Stereoselective VO(acac)2 catalyzed epoxidation of acyclic homoallylic diols. Complementary preparation of C2-syn-3, 4-epoxy alcohols.\u00a0<em>Tetrahedron<\/em>,\u00a0<em>67<\/em>(5), 830-836.\u00a0<\/p><p>Torres, W., <strong>Rodr\u00edguez, R. R<\/strong>., &amp; Prieto, J. A. (2009). Stereoselective Construction of all-anti Polypropionate Modules: Synthesis of the C5\u2212 C10 Fragment of Streptovaricin U.\u00a0<em>The Journal of organic chemistry<\/em>,\u00a0<em>74<\/em>(6), 2447-2451.<\/p>\t\t\t\t\t\t\t\t<\/div>\n\t\t\t\t<\/div>\n\t\t\t\t\t<\/div>\n\t\t<\/div>\n\t\t\t\t\t<\/div>\n\t\t<\/section>\n\t\t\t\t<\/div>\n\t\t","protected":false},"excerpt":{"rendered":"<p>Investigador: Dr. Ra\u00fal R. Rodr\u00edguez Berrios El Dr. Ra\u00fal R. Rodr\u00edguez Berrios es natural de Orocovis, Puerto Rico. El Dr. Rodr\u00edguez\u00a0 finaliz\u00f3 en el 2004 su bachillerato en qu\u00edmica en la Universidad de Puerto Rico Recinto de Cayey y completo &hellip; <\/p>\n","protected":false},"author":41,"featured_media":0,"parent":9063,"menu_order":0,"comment_status":"closed","ping_status":"closed","template":"","meta":{"_bbp_topic_count":0,"_bbp_reply_count":0,"_bbp_total_topic_count":0,"_bbp_total_reply_count":0,"_bbp_voice_count":0,"_bbp_anonymous_reply_count":0,"_bbp_topic_count_hidden":0,"_bbp_reply_count_hidden":0,"_bbp_forum_subforum_count":0,"footnotes":""},"class_list":["post-9147","page","type-page","status-publish","hentry"],"_links":{"self":[{"href":"https:\/\/natsci.uprrp.edu\/cahreus\/wp-json\/wp\/v2\/pages\/9147","targetHints":{"allow":["GET"]}}],"collection":[{"href":"https:\/\/natsci.uprrp.edu\/cahreus\/wp-json\/wp\/v2\/pages"}],"about":[{"href":"https:\/\/natsci.uprrp.edu\/cahreus\/wp-json\/wp\/v2\/types\/page"}],"author":[{"embeddable":true,"href":"https:\/\/natsci.uprrp.edu\/cahreus\/wp-json\/wp\/v2\/users\/41"}],"replies":[{"embeddable":true,"href":"https:\/\/natsci.uprrp.edu\/cahreus\/wp-json\/wp\/v2\/comments?post=9147"}],"version-history":[{"count":10,"href":"https:\/\/natsci.uprrp.edu\/cahreus\/wp-json\/wp\/v2\/pages\/9147\/revisions"}],"predecessor-version":[{"id":9739,"href":"https:\/\/natsci.uprrp.edu\/cahreus\/wp-json\/wp\/v2\/pages\/9147\/revisions\/9739"}],"up":[{"embeddable":true,"href":"https:\/\/natsci.uprrp.edu\/cahreus\/wp-json\/wp\/v2\/pages\/9063"}],"wp:attachment":[{"href":"https:\/\/natsci.uprrp.edu\/cahreus\/wp-json\/wp\/v2\/media?parent=9147"}],"curies":[{"name":"wp","href":"https:\/\/api.w.org\/{rel}","templated":true}]}}