{"id":9132,"date":"2022-01-24T16:19:59","date_gmt":"2022-01-24T16:19:59","guid":{"rendered":"https:\/\/natsci.uprrp.edu\/cahreus\/?page_id=9132"},"modified":"2023-09-21T18:42:38","modified_gmt":"2023-09-21T18:42:38","slug":"ileana-feliciano-ph-d","status":"publish","type":"page","link":"https:\/\/natsci.uprrp.edu\/cahreus\/equipo\/ileana-feliciano-ph-d\/","title":{"rendered":"Lorell Mu\u00f1oz, Ph.D."},"content":{"rendered":"\t\t<div data-elementor-type=\"wp-page\" data-elementor-id=\"9132\" class=\"elementor elementor-9132\">\n\t\t\t\t\t\t<section class=\"elementor-section elementor-top-section elementor-element elementor-element-1993524 elementor-section-boxed elementor-section-height-default elementor-section-height-default\" data-id=\"1993524\" data-element_type=\"section\" data-e-type=\"section\">\n\t\t\t\t\t\t<div class=\"elementor-container elementor-column-gap-default\">\n\t\t\t\t\t<div class=\"elementor-column elementor-col-100 elementor-top-column elementor-element elementor-element-4cdbce6\" data-id=\"4cdbce6\" data-element_type=\"column\" data-e-type=\"column\">\n\t\t\t<div class=\"elementor-widget-wrap elementor-element-populated\">\n\t\t\t\t\t\t<div class=\"elementor-element elementor-element-87bd210 elementor-widget-divider--view-line elementor-widget elementor-widget-divider\" data-id=\"87bd210\" data-element_type=\"widget\" data-e-type=\"widget\" data-widget_type=\"divider.default\">\n\t\t\t\t<div class=\"elementor-widget-container\">\n\t\t\t\t\t\t\t<div class=\"elementor-divider\">\n\t\t\t<span class=\"elementor-divider-separator\">\n\t\t\t\t\t\t<\/span>\n\t\t<\/div>\n\t\t\t\t\t\t<\/div>\n\t\t\t\t<\/div>\n\t\t\t\t\t<\/div>\n\t\t<\/div>\n\t\t\t\t\t<\/div>\n\t\t<\/section>\n\t\t\t\t<section class=\"elementor-section elementor-top-section elementor-element elementor-element-ade259f elementor-section-boxed elementor-section-height-default elementor-section-height-default\" data-id=\"ade259f\" data-element_type=\"section\" data-e-type=\"section\">\n\t\t\t\t\t\t<div class=\"elementor-container elementor-column-gap-default\">\n\t\t\t\t\t<div class=\"elementor-column elementor-col-33 elementor-top-column elementor-element elementor-element-ce20905\" data-id=\"ce20905\" data-element_type=\"column\" data-e-type=\"column\">\n\t\t\t<div class=\"elementor-widget-wrap elementor-element-populated\">\n\t\t\t\t\t\t<div class=\"elementor-element elementor-element-98ae3d4 elementor-widget elementor-widget-image\" data-id=\"98ae3d4\" data-element_type=\"widget\" data-e-type=\"widget\" data-widget_type=\"image.default\">\n\t\t\t\t<div class=\"elementor-widget-container\">\n\t\t\t\t\t\t\t\t\t\t\t\t\t\t\t<img fetchpriority=\"high\" decoding=\"async\" width=\"640\" height=\"853\" src=\"https:\/\/natsci.uprrp.edu\/cahreus\/wp-content\/uploads\/sites\/24\/2023\/09\/IMG_5918-scaled-768x1024.jpg\" class=\"attachment-large size-large wp-image-10416\" alt=\"\" srcset=\"https:\/\/natsci.uprrp.edu\/cahreus\/wp-content\/uploads\/sites\/24\/2023\/09\/IMG_5918-scaled-768x1024.jpg 768w, https:\/\/natsci.uprrp.edu\/cahreus\/wp-content\/uploads\/sites\/24\/2023\/09\/IMG_5918-225x300.jpg 225w, https:\/\/natsci.uprrp.edu\/cahreus\/wp-content\/uploads\/sites\/24\/2023\/09\/IMG_5918-1152x1536.jpg 1152w, https:\/\/natsci.uprrp.edu\/cahreus\/wp-content\/uploads\/sites\/24\/2023\/09\/IMG_5918-1536x2048.jpg 1536w, https:\/\/natsci.uprrp.edu\/cahreus\/wp-content\/uploads\/sites\/24\/2023\/09\/IMG_5918-9x12.jpg 9w, https:\/\/natsci.uprrp.edu\/cahreus\/wp-content\/uploads\/sites\/24\/2023\/09\/IMG_5918-scaled.jpg 1920w\" sizes=\"(max-width: 640px) 100vw, 640px\" \/>\t\t\t\t\t\t\t\t\t\t\t\t\t\t\t<\/div>\n\t\t\t\t<\/div>\n\t\t\t\t\t<\/div>\n\t\t<\/div>\n\t\t\t\t<div class=\"elementor-column elementor-col-66 elementor-top-column elementor-element elementor-element-e7b1ed0\" data-id=\"e7b1ed0\" data-element_type=\"column\" data-e-type=\"column\">\n\t\t\t<div class=\"elementor-widget-wrap elementor-element-populated\">\n\t\t\t\t\t\t<div class=\"elementor-element elementor-element-54c50f0 elementor-widget elementor-widget-text-editor\" data-id=\"54c50f0\" data-element_type=\"widget\" data-e-type=\"widget\" data-widget_type=\"text-editor.default\">\n\t\t\t\t<div class=\"elementor-widget-container\">\n\t\t\t\t\t\t\t\t\t<h2><span style=\"color: #ff0000\"><strong>Investigadora: <\/strong>Dra. Lorell Mu\u00f1oz<\/span><\/h2><p><span style=\"color: #000000;font-family: -webkit-standard;font-size: medium\">La Dra. Lorell Mu\u00f1oz-Hern\u00e1ndez es profesora adjunta de qu\u00edmica org\u00e1nica en la UPR-RP. Complet\u00f3 su bachillerato en Qu\u00edmica en la UPR-Humacao y recibi\u00f3 su doctorado en Qu\u00edmica Org\u00e1nica de la UPR-R\u00edo Piedras. La Dra. Mu\u00f1oz tiene amplia experiencia en la ense\u00f1anza de cursos de conferencia y laboratorio de Qu\u00edmica Org\u00e1nica. Sus intereses de investigaci\u00f3n se centran en la comprensi\u00f3n de c\u00f3mo los estudiantes aprenden qu\u00edmica y el desarrollo de planes de estudio, materiales pedag\u00f3gicos y estrategias de ense\u00f1anza eficaces. Adem\u00e1s de su trabajo acad\u00e9mico, la Dra. Mu\u00f1oz ha participado en el dise\u00f1o de actividades de qu\u00edmica atractivas y accesibles para estudiantes de K-12, as\u00ed como en la realizaci\u00f3n de talleres de qu\u00edmica en l\u00ednea y presenciales para estudiantes y profesores. Tambi\u00e9n es coautora de un manual de actividades para estudiantes de octavo curso, que presenta experimentos de qu\u00edmica f\u00e1ciles y divertidos que pueden realizarse con materiales de bajo coste y f\u00e1ciles de conseguir.<\/span><br style=\"color: #000000\" \/><br \/><\/p><p>\u00a0<\/p><h2><span style=\"color: #ff0000\"><strong>Researcher: <\/strong>Dra. Lorell Mu\u00f1oz<\/span><\/h2><p><span style=\"color: #000000;font-family: 'Times New Roman', serif;font-size: 16px;text-align: justify\">Dr.\u00a0<\/span><span style=\"border: 0px;font-size: 16px;line-height: inherit;font-family: 'Times New Roman', serif;vertical-align: baseline;color: #000000;text-align: justify\" data-markjs=\"true\" data-ogac=\"\" data-ogab=\"\" data-ogsc=\"\" data-ogsb=\"\">Lorell<\/span><span style=\"color: #000000;font-family: 'Times New Roman', serif;font-size: 16px;text-align: justify\">\u00a0Mu\u00f1oz-Hern\u00e1ndez is an adjunct professor of organic chemistry at UPR-RP. She completed her BS degree in chemistry at UPR-Humacao and received her Ph.D. in Organic Chemistry from UPR-Rio Piedras. Dr. Mu\u00f1oz has extensive experience teaching organic chemistry conference and laboratory courses. Her research interests focus on understanding how students learn chemistry and the development of curricula, pedagogic materials, and effective teaching strategies. In addition to her academic work, Dr. Mu\u00f1oz has been involved in designing engaging and accessible chemistry activities for K-12 students, as well as conducting online and in-person chemistry workshops for both students and teachers. She also co-authored an activity manual for eighth-grade students, which features fun and easy chemistry experiments that can be done using low-cost and readily available materials.<\/span><\/p>\t\t\t\t\t\t\t\t<\/div>\n\t\t\t\t<\/div>\n\t\t\t\t\t<\/div>\n\t\t<\/div>\n\t\t\t\t\t<\/div>\n\t\t<\/section>\n\t\t\t\t<section class=\"elementor-section elementor-top-section elementor-element elementor-element-df3b9fe elementor-section-boxed elementor-section-height-default elementor-section-height-default\" data-id=\"df3b9fe\" data-element_type=\"section\" data-e-type=\"section\">\n\t\t\t\t\t\t<div class=\"elementor-container elementor-column-gap-default\">\n\t\t\t\t\t<div class=\"elementor-column elementor-col-100 elementor-top-column elementor-element elementor-element-fb611b8\" data-id=\"fb611b8\" data-element_type=\"column\" data-e-type=\"column\">\n\t\t\t<div class=\"elementor-widget-wrap elementor-element-populated\">\n\t\t\t\t\t\t<div class=\"elementor-element elementor-element-d509cb3 elementor-widget-divider--view-line elementor-widget elementor-widget-divider\" data-id=\"d509cb3\" data-element_type=\"widget\" data-e-type=\"widget\" data-widget_type=\"divider.default\">\n\t\t\t\t<div class=\"elementor-widget-container\">\n\t\t\t\t\t\t\t<div class=\"elementor-divider\">\n\t\t\t<span class=\"elementor-divider-separator\">\n\t\t\t\t\t\t<\/span>\n\t\t<\/div>\n\t\t\t\t\t\t<\/div>\n\t\t\t\t<\/div>\n\t\t\t\t<div class=\"elementor-element elementor-element-84ca7a7 elementor-widget elementor-widget-text-editor\" data-id=\"84ca7a7\" data-element_type=\"widget\" data-e-type=\"widget\" data-widget_type=\"text-editor.default\">\n\t\t\t\t<div class=\"elementor-widget-container\">\n\t\t\t\t\t\t\t\t\t<h2><span style=\"color: #ff0000\">Informaci\u00f3n<\/span><\/h2><p><strong>Correo:<\/strong> <a href=\"mailto:lorell.munoz@upr.edu\">lorell.munoz@upr.edu<\/a><\/p><p><strong>Expertise: <\/strong>Org\u00e1nica, Educaci\u00f3n en Qu\u00edmica<\/p><p><strong>Oficina: <\/strong>Ciencias Naturales CN-227<\/p><p><strong>Tel\u00e9fono de Oficina: <\/strong>787-764-0000 x 88513<\/p><p><strong>Tel\u00e9fono de Laboratorio: <\/strong>N\/A<\/p><p><strong>Horas de Oficina: <\/strong>Martes y Jueves de 10:00 am \u2013 11:00 pm<\/p><p><strong>Redes Sociales:<\/strong> N\/A<\/p>\t\t\t\t\t\t\t\t<\/div>\n\t\t\t\t<\/div>\n\t\t\t\t\t<\/div>\n\t\t<\/div>\n\t\t\t\t\t<\/div>\n\t\t<\/section>\n\t\t\t\t<section class=\"elementor-section elementor-top-section elementor-element elementor-element-24fb910 elementor-section-boxed elementor-section-height-default elementor-section-height-default\" data-id=\"24fb910\" data-element_type=\"section\" data-e-type=\"section\">\n\t\t\t\t\t\t<div class=\"elementor-container elementor-column-gap-default\">\n\t\t\t\t\t<div class=\"elementor-column elementor-col-100 elementor-top-column elementor-element elementor-element-20950f5\" data-id=\"20950f5\" data-element_type=\"column\" data-e-type=\"column\">\n\t\t\t<div class=\"elementor-widget-wrap elementor-element-populated\">\n\t\t\t\t\t\t<div class=\"elementor-element elementor-element-2d82060 elementor-widget elementor-widget-heading\" data-id=\"2d82060\" data-element_type=\"widget\" data-e-type=\"widget\" data-widget_type=\"heading.default\">\n\t\t\t\t<div class=\"elementor-widget-container\">\n\t\t\t\t\t<h2 class=\"elementor-heading-title elementor-size-default\"><h2><span style=\"color: #ff0000\">Publicaciones <\/span><\/h2><\/h2>\t\t\t\t<\/div>\n\t\t\t\t<\/div>\n\t\t\t\t<div class=\"elementor-element elementor-element-45384b5 elementor-widget elementor-widget-text-editor\" data-id=\"45384b5\" data-element_type=\"widget\" data-e-type=\"widget\" data-widget_type=\"text-editor.default\">\n\t\t\t\t<div class=\"elementor-widget-container\">\n\t\t\t\t\t\t\t\t\t<p style=\"color: #000000;font-size: 12pt;font-family: Calibri, sans-serif;margin-bottom: 0px\">Qu\u00edmica Divertida: Actividades para K-12+ Octavo Grado &#8211; Manual para maestros Mu\u00f1oz-Hern\u00e1ndez, L.; D\u00edaz-V\u00e1zquez, L.; D\u00e1vila-D\u00edaz, K.; Rivera-Gonz\u00e1lez, U.; Torres-D\u00edaz, M.; Malca-Reyes, C. A.; Mahomedova, R. Editorial Universidad de Puerto Rico, San Juan, PR. 2021. ISBN: 978-1-62537-622-0.\u00a0<\/p><p style=\"color: #000000;font-size: 12pt;font-family: Calibri, sans-serif;margin-bottom: 0px\" aria-hidden=\"true\">\u00a0<\/p><p style=\"color: #000000;font-size: 12pt;font-family: Calibri, sans-serif;margin-bottom: 0px\">Homing in on the Capabilities That Are Most Predictive of Student Success in the First Semester of Organic Chemistry Betancourt-P\u00e9rez, R.; Rodr\u00edguez, J. and Mu\u00f1oz-Hern\u00e1ndez, L. J. Chem. Educ.,\u00a02020,\u00a097, 3, 635&#8211;642.\u00a0<\/p><p style=\"color: #000000;font-size: 12pt;font-family: Calibri, sans-serif;margin-bottom: 0px\" aria-hidden=\"true\">\u00a0<\/p><p style=\"color: #000000;font-size: 12pt;font-family: Calibri, sans-serif;margin-bottom: 0px\">Cyclohexenylboration of Aldehydes and Ketones with the Borabicyclo[3.3.2]decanes (BBDs) Gonz\u00e1lez, E.; Mu\u00f1oz-Hern\u00e1ndez, L.; Alicea, E.; Singaram, B.; Kabalka, G. W. and Soderquist, J. A. Org. Lett.,\u00a02015,\u00a017, 4368-4371.\u00a0<\/p><p style=\"color: #000000;font-size: 12pt;font-family: Calibri, sans-serif;margin-bottom: 0px\" aria-hidden=\"true\">\u00a0<\/p><p style=\"color: #000000;font-size: 12pt;font-family: Calibri, sans-serif;margin-bottom: 0px\">Highly Functionalized tertiary-Carbinols and Carbinamines from the Asymmetric \u03b3-Alkoxyallylboration of Ketones and Ketimines with the Borabicyclodecanes Mu\u00f1oz-Hern\u00e1ndez, L.; Seda, L. A.; Wang, B. and Soderquist, J. A. Org. Lett.,\u00a02014,\u00a016, 4052-4055.\u00a0<\/p><p style=\"color: #000000;font-size: 12pt;font-family: Calibri, sans-serif;margin-bottom: 0px\" aria-hidden=\"true\">\u00a0<\/p><p style=\"color: #000000;font-size: 12pt;font-family: Calibri, sans-serif\">Asymmetric \u03b3-Methoxyallylation with the Robust 10-TMS-9-Borabicyclo[3.3.2]decanes Mu\u00f1oz-Hern\u00e1ndez, L. and Soderquist, J. A. Org. Lett.\u00a02009,\u00a011, 2571-2574\u00a0<\/p>\t\t\t\t\t\t\t\t<\/div>\n\t\t\t\t<\/div>\n\t\t\t\t\t<\/div>\n\t\t<\/div>\n\t\t\t\t\t<\/div>\n\t\t<\/section>\n\t\t\t\t<\/div>\n\t\t","protected":false},"excerpt":{"rendered":"<p>Investigadora: Dra. Lorell Mu\u00f1oz La Dra. Lorell Mu\u00f1oz-Hern\u00e1ndez es profesora adjunta de qu\u00edmica org\u00e1nica en la UPR-RP. Complet\u00f3 su bachillerato en Qu\u00edmica en la UPR-Humacao y recibi\u00f3 su doctorado en Qu\u00edmica Org\u00e1nica de la UPR-R\u00edo Piedras. La Dra. Mu\u00f1oz tiene &hellip; <\/p>\n","protected":false},"author":41,"featured_media":0,"parent":9063,"menu_order":0,"comment_status":"closed","ping_status":"closed","template":"","meta":{"_bbp_topic_count":0,"_bbp_reply_count":0,"_bbp_total_topic_count":0,"_bbp_total_reply_count":0,"_bbp_voice_count":0,"_bbp_anonymous_reply_count":0,"_bbp_topic_count_hidden":0,"_bbp_reply_count_hidden":0,"_bbp_forum_subforum_count":0,"footnotes":""},"class_list":["post-9132","page","type-page","status-publish","hentry"],"_links":{"self":[{"href":"https:\/\/natsci.uprrp.edu\/cahreus\/wp-json\/wp\/v2\/pages\/9132","targetHints":{"allow":["GET"]}}],"collection":[{"href":"https:\/\/natsci.uprrp.edu\/cahreus\/wp-json\/wp\/v2\/pages"}],"about":[{"href":"https:\/\/natsci.uprrp.edu\/cahreus\/wp-json\/wp\/v2\/types\/page"}],"author":[{"embeddable":true,"href":"https:\/\/natsci.uprrp.edu\/cahreus\/wp-json\/wp\/v2\/users\/41"}],"replies":[{"embeddable":true,"href":"https:\/\/natsci.uprrp.edu\/cahreus\/wp-json\/wp\/v2\/comments?post=9132"}],"version-history":[{"count":23,"href":"https:\/\/natsci.uprrp.edu\/cahreus\/wp-json\/wp\/v2\/pages\/9132\/revisions"}],"predecessor-version":[{"id":10448,"href":"https:\/\/natsci.uprrp.edu\/cahreus\/wp-json\/wp\/v2\/pages\/9132\/revisions\/10448"}],"up":[{"embeddable":true,"href":"https:\/\/natsci.uprrp.edu\/cahreus\/wp-json\/wp\/v2\/pages\/9063"}],"wp:attachment":[{"href":"https:\/\/natsci.uprrp.edu\/cahreus\/wp-json\/wp\/v2\/media?parent=9132"}],"curies":[{"name":"wp","href":"https:\/\/api.w.org\/{rel}","templated":true}]}}