{"id":9063,"date":"2022-01-21T19:55:50","date_gmt":"2022-01-21T19:55:50","guid":{"rendered":"https:\/\/natsci.uprrp.edu\/cahreus\/?page_id=9063"},"modified":"2023-09-21T18:43:40","modified_gmt":"2023-09-21T18:43:40","slug":"equipo","status":"publish","type":"page","link":"https:\/\/natsci.uprrp.edu\/cahreus\/equipo\/","title":{"rendered":"Equipo"},"content":{"rendered":"\t\t<div data-elementor-type=\"wp-page\" data-elementor-id=\"9063\" class=\"elementor elementor-9063\">\n\t\t\t\t\t\t<section class=\"elementor-section elementor-top-section elementor-element elementor-element-05f0a52 elementor-section-boxed elementor-section-height-default elementor-section-height-default\" data-id=\"05f0a52\" data-element_type=\"section\" data-e-type=\"section\">\n\t\t\t\t\t\t<div class=\"elementor-container elementor-column-gap-default\">\n\t\t\t\t\t<div class=\"elementor-column elementor-col-100 elementor-top-column elementor-element elementor-element-7ccb2f1\" data-id=\"7ccb2f1\" data-element_type=\"column\" data-e-type=\"column\">\n\t\t\t<div class=\"elementor-widget-wrap elementor-element-populated\">\n\t\t\t\t\t\t<div class=\"elementor-element elementor-element-5c05604 elementor-widget elementor-widget-heading\" data-id=\"5c05604\" data-element_type=\"widget\" data-e-type=\"widget\" data-widget_type=\"heading.default\">\n\t\t\t\t<div class=\"elementor-widget-container\">\n\t\t\t\t\t<h2 class=\"elementor-heading-title elementor-size-default\">Profesores y Mentores<\/h2>\t\t\t\t<\/div>\n\t\t\t\t<\/div>\n\t\t\t\t\t<\/div>\n\t\t<\/div>\n\t\t\t\t\t<\/div>\n\t\t<\/section>\n\t\t\t\t<section class=\"elementor-section elementor-top-section elementor-element elementor-element-1fbf810 elementor-section-boxed elementor-section-height-default elementor-section-height-default\" data-id=\"1fbf810\" data-element_type=\"section\" data-e-type=\"section\">\n\t\t\t\t\t\t<div class=\"elementor-container elementor-column-gap-default\">\n\t\t\t\t\t<div class=\"elementor-column elementor-col-100 elementor-top-column elementor-element elementor-element-a569076\" data-id=\"a569076\" data-element_type=\"column\" data-e-type=\"column\">\n\t\t\t<div class=\"elementor-widget-wrap elementor-element-populated\">\n\t\t\t\t\t\t<div class=\"elementor-element elementor-element-5d6e3bc elementor-widget elementor-widget-text-editor\" data-id=\"5d6e3bc\" data-element_type=\"widget\" data-e-type=\"widget\" data-widget_type=\"text-editor.default\">\n\t\t\t\t<div class=\"elementor-widget-container\">\n\t\t\t\t\t\t\t\t\t<p><a href=\"https:\/\/natsci.uprrp.edu\/cahreus\/liz-m-diaz-vazquez-ph-d\/\">Liz M. D\u00edaz V\u00e1zquez, Ph.D.<\/a><br \/><a href=\"https:\/\/natsci.uprrp.edu\/cahreus\/kariluz-davila-diaz-ph-d\/\">Kariluz D\u00e1vila D\u00edaz, Ph.D.<\/a><br \/><a href=\"https:\/\/natsci.uprrp.edu\/cahreus\/equipo\/ileana-feliciano-ph-d\/\">Lorell Mu\u00f1oz, Ph.D.<\/a><br \/><a href=\"https:\/\/natsci.uprrp.edu\/cahreus\/mentores\/betty-velazquez-ph-d\/\">Betty Vel\u00e1zquez, Ph.D.<\/a><br \/><a href=\"https:\/\/natsci.uprrp.edu\/cahreus\/mentores\/arthur-tinoco-ph-d\/\">Arthur Tinoco, Ph.D.<\/a><br \/><a href=\"https:\/\/natsci.uprrp.edu\/cahreus\/mentores\/kai-griebenow-ph-d\/\">Kai Griebenow, Ph.D.<\/a><br \/><a href=\"https:\/\/natsci.uprrp.edu\/cahreus\/mentores\/carlos-torres-ph-d\/\">Carlos Torres, Ph.D.<\/a><br \/><a href=\"https:\/\/natsci.uprrp.edu\/cahreus\/mentores\/raul-rodriguez-ph-d\/\">Ra\u00fal Rodr\u00edguez, Ph.D.<\/a><br \/><a href=\"https:\/\/natsci.uprrp.edu\/cahreus\/mentores\/eduardo-nicolau-ph-d\/\">Eduardo Nicolau, Ph.D.<\/a><br \/><a href=\"https:\/\/natsci.uprrp.edu\/cahreus\/mentores\/uriel-rivera-m-s\/\">Uriel Rivera, Ed.D..<\/a><br \/><a href=\"https:\/\/natsci.uprrp.edu\/cahreus\/mentores\/angel-morales-ph-d\/\">Angel Morales, Ph.D.<\/a><br \/><a href=\"https:\/\/natsci.uprrp.edu\/cahreus\/mentores\/bonny-ortiz-ph-d\/\">Bonny Ortiz, Ph.D.<\/a><br \/><a href=\"https:\/\/natsci.uprrp.edu\/cahreus\/mentores\/yamir-torres-ed-d\/\">Yamir Torres, Ed.D.<\/a><\/p>\t\t\t\t\t\t\t\t<\/div>\n\t\t\t\t<\/div>\n\t\t\t\t\t<\/div>\n\t\t<\/div>\n\t\t\t\t\t<\/div>\n\t\t<\/section>\n\t\t\t\t<section class=\"elementor-section elementor-top-section elementor-element elementor-element-96fcd3e elementor-section-boxed elementor-section-height-default elementor-section-height-default\" data-id=\"96fcd3e\" data-element_type=\"section\" data-e-type=\"section\">\n\t\t\t\t\t\t<div class=\"elementor-container elementor-column-gap-default\">\n\t\t\t\t\t<div class=\"elementor-column elementor-col-100 elementor-top-column elementor-element elementor-element-ab2c436\" data-id=\"ab2c436\" data-element_type=\"column\" data-e-type=\"column\">\n\t\t\t<div class=\"elementor-widget-wrap elementor-element-populated\">\n\t\t\t\t\t\t<div class=\"elementor-element elementor-element-298a54c elementor-widget elementor-widget-heading\" data-id=\"298a54c\" data-element_type=\"widget\" data-e-type=\"widget\" data-widget_type=\"heading.default\">\n\t\t\t\t<div class=\"elementor-widget-container\">\n\t\t\t\t\t<h2 class=\"elementor-heading-title elementor-size-default\">Administrativos <\/h2>\t\t\t\t<\/div>\n\t\t\t\t<\/div>\n\t\t\t\t\t<\/div>\n\t\t<\/div>\n\t\t\t\t\t<\/div>\n\t\t<\/section>\n\t\t\t\t<section class=\"elementor-section elementor-top-section elementor-element elementor-element-dde3462 elementor-section-boxed elementor-section-height-default elementor-section-height-default\" data-id=\"dde3462\" data-element_type=\"section\" data-e-type=\"section\">\n\t\t\t\t\t\t<div class=\"elementor-container elementor-column-gap-default\">\n\t\t\t\t\t<div class=\"elementor-column elementor-col-100 elementor-top-column elementor-element elementor-element-185a7fd\" data-id=\"185a7fd\" data-element_type=\"column\" data-e-type=\"column\">\n\t\t\t<div class=\"elementor-widget-wrap elementor-element-populated\">\n\t\t\t\t\t\t<div class=\"elementor-element elementor-element-5f6f36e elementor-widget elementor-widget-text-editor\" data-id=\"5f6f36e\" data-element_type=\"widget\" data-e-type=\"widget\" data-widget_type=\"text-editor.default\">\n\t\t\t\t<div class=\"elementor-widget-container\">\n\t\t\t\t\t\t\t\t\t<p><a href=\"https:\/\/natsci.uprrp.edu\/cahreus\/mrs-idenisse-rivera-cosme\/\">Mrs. Idenisse Rivera Cosme<\/a><br \/><a href=\"https:\/\/natsci.uprrp.edu\/cahreus\/mrs-minerva-lugo-guzman\/\">Mrs. Minerva Lugo Guzm\u00e1n<\/a><\/p>\t\t\t\t\t\t\t\t<\/div>\n\t\t\t\t<\/div>\n\t\t\t\t\t<\/div>\n\t\t<\/div>\n\t\t\t\t\t<\/div>\n\t\t<\/section>\n\t\t\t\t<section class=\"elementor-section elementor-top-section elementor-element elementor-element-7d916eb elementor-section-boxed elementor-section-height-default elementor-section-height-default\" data-id=\"7d916eb\" data-element_type=\"section\" data-e-type=\"section\">\n\t\t\t\t\t\t<div class=\"elementor-container elementor-column-gap-default\">\n\t\t\t\t\t<div class=\"elementor-column elementor-col-100 elementor-top-column elementor-element elementor-element-9340226\" data-id=\"9340226\" data-element_type=\"column\" data-e-type=\"column\">\n\t\t\t<div class=\"elementor-widget-wrap elementor-element-populated\">\n\t\t\t\t\t\t<div class=\"elementor-element elementor-element-5bac29a elementor-widget elementor-widget-heading\" data-id=\"5bac29a\" data-element_type=\"widget\" data-e-type=\"widget\" data-widget_type=\"heading.default\">\n\t\t\t\t<div class=\"elementor-widget-container\">\n\t\t\t\t\t<h2 class=\"elementor-heading-title elementor-size-default\">Estudiantes Graduados y Subgraduados<\/h2>\t\t\t\t<\/div>\n\t\t\t\t<\/div>\n\t\t\t\t\t<\/div>\n\t\t<\/div>\n\t\t\t\t\t<\/div>\n\t\t<\/section>\n\t\t\t\t<section class=\"elementor-section elementor-top-section elementor-element elementor-element-46cfc75 elementor-section-boxed elementor-section-height-default elementor-section-height-default\" data-id=\"46cfc75\" data-element_type=\"section\" data-e-type=\"section\">\n\t\t\t\t\t\t<div class=\"elementor-container elementor-column-gap-default\">\n\t\t\t\t\t<div class=\"elementor-column elementor-col-100 elementor-top-column elementor-element elementor-element-84d0f54\" data-id=\"84d0f54\" data-element_type=\"column\" data-e-type=\"column\">\n\t\t\t<div class=\"elementor-widget-wrap elementor-element-populated\">\n\t\t\t\t\t\t<div class=\"elementor-element elementor-element-c0aa240 elementor-widget elementor-widget-text-editor\" data-id=\"c0aa240\" data-element_type=\"widget\" data-e-type=\"widget\" data-widget_type=\"text-editor.default\">\n\t\t\t\t<div class=\"elementor-widget-container\">\n\t\t\t\t\t\t\t\t\t<p><a href=\"https:\/\/natsci.uprrp.edu\/cahreus\/alejandro-burgos-suazo-graduado\/\">Alejandro Burgos Suazo \u2013 Graduado<\/a><br \/><a href=\"https:\/\/natsci.uprrp.edu\/cahreus\/carlos-malca-reyes-graduado\/\">Carlos Malca Reyes \u2013 Graduado<\/a><br \/><a href=\"https:\/\/natsci.uprrp.edu\/cahreus\/ermides-chavez-baldovino-graduado\/\">Ermides Chavez Baldovino \u2013 Graduado<\/a><br \/><a href=\"https:\/\/natsci.uprrp.edu\/cahreus\/josue-benjamin-rivera-graduado\/\">Josu\u00e9 Benjam\u00edn Rivera \u2013 Graduado<\/a><br \/><a href=\"https:\/\/natsci.uprrp.edu\/cahreus\/marielys-torres-diaz-graduada\/\">Marielys Torres Diaz \u2013 Graduada<\/a><br \/>Vanessa \u00c1lvarez Carrillo \u2013 Graduada<\/p>\t\t\t\t\t\t\t\t<\/div>\n\t\t\t\t<\/div>\n\t\t\t\t\t<\/div>\n\t\t<\/div>\n\t\t\t\t\t<\/div>\n\t\t<\/section>\n\t\t\t\t<\/div>\n\t\t","protected":false},"excerpt":{"rendered":"<p>Profesores y Mentores Liz M. D\u00edaz V\u00e1zquez, Ph.D.Kariluz D\u00e1vila D\u00edaz, Ph.D.Lorell Mu\u00f1oz, Ph.D.Betty Vel\u00e1zquez, Ph.D.Arthur Tinoco, Ph.D.Kai Griebenow, Ph.D.Carlos Torres, Ph.D.Ra\u00fal Rodr\u00edguez, Ph.D.Eduardo Nicolau, Ph.D.Uriel Rivera, Ed.D..Angel Morales, Ph.D.Bonny Ortiz, Ph.D.Yamir Torres, Ed.D. Administrativos Mrs. Idenisse Rivera CosmeMrs. Minerva Lugo &hellip; <\/p>\n","protected":false},"author":1,"featured_media":0,"parent":0,"menu_order":0,"comment_status":"closed","ping_status":"closed","template":"","meta":{"_bbp_topic_count":0,"_bbp_reply_count":0,"_bbp_total_topic_count":0,"_bbp_total_reply_count":0,"_bbp_voice_count":0,"_bbp_anonymous_reply_count":0,"_bbp_topic_count_hidden":0,"_bbp_reply_count_hidden":0,"_bbp_forum_subforum_count":0,"footnotes":""},"class_list":["post-9063","page","type-page","status-publish","hentry"],"_links":{"self":[{"href":"https:\/\/natsci.uprrp.edu\/cahreus\/wp-json\/wp\/v2\/pages\/9063","targetHints":{"allow":["GET"]}}],"collection":[{"href":"https:\/\/natsci.uprrp.edu\/cahreus\/wp-json\/wp\/v2\/pages"}],"about":[{"href":"https:\/\/natsci.uprrp.edu\/cahreus\/wp-json\/wp\/v2\/types\/page"}],"author":[{"embeddable":true,"href":"https:\/\/natsci.uprrp.edu\/cahreus\/wp-json\/wp\/v2\/users\/1"}],"replies":[{"embeddable":true,"href":"https:\/\/natsci.uprrp.edu\/cahreus\/wp-json\/wp\/v2\/comments?post=9063"}],"version-history":[{"count":52,"href":"https:\/\/natsci.uprrp.edu\/cahreus\/wp-json\/wp\/v2\/pages\/9063\/revisions"}],"predecessor-version":[{"id":10452,"href":"https:\/\/natsci.uprrp.edu\/cahreus\/wp-json\/wp\/v2\/pages\/9063\/revisions\/10452"}],"wp:attachment":[{"href":"https:\/\/natsci.uprrp.edu\/cahreus\/wp-json\/wp\/v2\/media?parent=9063"}],"curies":[{"name":"wp","href":"https:\/\/api.w.org\/{rel}","templated":true}]}}