{"id":10161,"date":"2022-03-04T13:25:19","date_gmt":"2022-03-04T13:25:19","guid":{"rendered":"https:\/\/natsci.uprrp.edu\/cahreus\/?page_id=10161"},"modified":"2022-03-04T14:14:17","modified_gmt":"2022-03-04T14:14:17","slug":"josue-benjamin-rivera-graduado","status":"publish","type":"page","link":"https:\/\/natsci.uprrp.edu\/cahreus\/josue-benjamin-rivera-graduado\/","title":{"rendered":"Josu\u00e9 Benjam\u00edn Rivera \u2013 Graduado"},"content":{"rendered":"\t\t<div data-elementor-type=\"wp-page\" data-elementor-id=\"10161\" class=\"elementor elementor-10161\">\n\t\t\t\t\t\t<section class=\"elementor-section elementor-top-section elementor-element elementor-element-e6dfca7 elementor-section-boxed elementor-section-height-default elementor-section-height-default\" data-id=\"e6dfca7\" data-element_type=\"section\" data-e-type=\"section\">\n\t\t\t\t\t\t<div class=\"elementor-container elementor-column-gap-default\">\n\t\t\t\t\t<div class=\"elementor-column elementor-col-50 elementor-top-column elementor-element elementor-element-09647d5\" data-id=\"09647d5\" data-element_type=\"column\" data-e-type=\"column\">\n\t\t\t<div class=\"elementor-widget-wrap elementor-element-populated\">\n\t\t\t\t\t\t<div class=\"elementor-element elementor-element-5f7c1de elementor-widget elementor-widget-image\" data-id=\"5f7c1de\" data-element_type=\"widget\" data-e-type=\"widget\" data-widget_type=\"image.default\">\n\t\t\t\t<div class=\"elementor-widget-container\">\n\t\t\t\t\t\t\t\t\t\t\t\t\t\t\t<img fetchpriority=\"high\" decoding=\"async\" width=\"640\" height=\"967\" src=\"https:\/\/natsci.uprrp.edu\/cahreus\/wp-content\/uploads\/sites\/24\/2022\/03\/Josue-Benjamin-Rivera-678x1024.png\" class=\"attachment-large size-large wp-image-10172\" alt=\"\" srcset=\"https:\/\/natsci.uprrp.edu\/cahreus\/wp-content\/uploads\/sites\/24\/2022\/03\/Josue-Benjamin-Rivera-678x1024.png 678w, https:\/\/natsci.uprrp.edu\/cahreus\/wp-content\/uploads\/sites\/24\/2022\/03\/Josue-Benjamin-Rivera-199x300.png 199w, https:\/\/natsci.uprrp.edu\/cahreus\/wp-content\/uploads\/sites\/24\/2022\/03\/Josue-Benjamin-Rivera.png 847w\" sizes=\"(max-width: 640px) 100vw, 640px\" \/>\t\t\t\t\t\t\t\t\t\t\t\t\t\t\t<\/div>\n\t\t\t\t<\/div>\n\t\t\t\t\t<\/div>\n\t\t<\/div>\n\t\t\t\t<div class=\"elementor-column elementor-col-50 elementor-top-column elementor-element elementor-element-c98b384\" data-id=\"c98b384\" data-element_type=\"column\" data-e-type=\"column\">\n\t\t\t<div class=\"elementor-widget-wrap elementor-element-populated\">\n\t\t\t\t\t\t<div class=\"elementor-element elementor-element-62c624b elementor-widget elementor-widget-text-editor\" data-id=\"62c624b\" data-element_type=\"widget\" data-e-type=\"widget\" data-widget_type=\"text-editor.default\">\n\t\t\t\t<div class=\"elementor-widget-container\">\n\t\t\t\t\t\t\t\t\t<h2><span style=\"color: #ff0000\"><strong>Estudiante Graduado: <\/strong>Josu\u00e9 A. Benjam\u00edn Rivera<\/span><\/h2>\n<p>El estudiante graduado Josu\u00e9 A. Benjam\u00edn Rivera en natural de San Juan, Puerto Rico. En el 2002, Josu\u00e9 comenz\u00f3 sus estudios en la Universidad de Puerto Rico Recinto de Humacao con especializaci\u00f3n en Qu\u00edmica Industrial, donde pudo realizar investigaciones a nivel de subgraduado bajo la supervisi\u00f3n de la Dra. Lilliam Casillas en su laboratorio de microbiolog\u00eda. En 2004, Josu\u00e9 se traslad\u00f3 al laboratorio de Qu\u00edmica Org\u00e1nica de la Dra. Margarita Ortiz-Marciales para la s\u00edntesis de aminas quirales. Josu\u00e9, trabaj\u00f3 en la industria farmacol\u00f3gica en el \u00e1rea de Control de Calidad por algunos a\u00f1os y despu\u00e9s de obtener su licencia de qu\u00edmico, se traslad\u00f3 a trabajar en el Instituto de Ciencias Forenses de Puerto Rico (ICF). En agosto de 2015, comenz\u00f3 sus estudios doctorales en la Universidad de Puerto Rico Recinto de R\u00edo Piedras. Josu\u00e9 se desempe\u00f1\u00f3 como tesorero de la Asociaci\u00f3n de Estudiantes de Graduaci\u00f3n de Qu\u00edmica (AGQ) de esta misma instituci\u00f3n de febrero de 2018 hasta agosto de 2019. Actualmente, el estudiante graduado Josu\u00e9 Benjam\u00edn es el tesoro de la Primer Cap\u00edtulo Estudiantil en la Under Biophysical Society, le gusta pasar tiempo con sus amigos, familiares, juega tenis y <strong>es el estudiante graduado <\/strong><strong>que<\/strong> <strong>se encuentra a cargo de los equipo de High Performance Liquid Chromatography (HPLC) y Gas Chromatography With Flame Ionization Detection (GCFID)<\/strong> como parte del proyecto CAHREUS.<\/p>\n<h2><span style=\"color: #ff0000\"><strong>Graduate Student: <\/strong>Josu\u00e9 A. Benjam\u00edn Rivera<\/span><\/h2>\n<p>The graduate student Josu\u00e9 A. Benjam\u00edn Rivera is a nature from San Juan, Puerto Rico. In 2002, Josu\u00e9 began his studies at the University of Puerto Rico Humacao Campus as an Industrial Chemistry major. . He began doing research at the undergraduate level under the supervision of Dra. Lilliam Casillas in her microbiology laboratory In 2004, Josu\u00e9 moved to the Organic Chemistry laboratory of Dr. Margarita Ortiz-Marciales for the synthesis of chiral amines. Josu\u00e9 worked in the pharmaceutical industry in the quality control area for a few years and after obtaining his Chemistry license he moved to work at the Institute of Forensic Sciences of Puerto Rico (IFS). In August 2015, he began his doctoral studies at the University of Puerto Rico, R\u00edo Piedras Campus, where he has been a doctoral candidate since June 2017. Josu\u00e9 served as treasurer of the Chemistry Graduation Student Association of the same institution from February 2018 to August 2019. Currently, Josu\u00e9 is the treasure of the First Student Chapter in the Under Biophysical Society, he likes to spend time with his friends and family, he likes to plays tennis, swims and. and <strong>is the graduate student who is in<\/strong> <strong>charge of the High-Performance Liquid Chromatography (HPLC) and Gas Chromatography With Flame Ionization Detection (GC-FID) equipment<\/strong> as part of the CAHREUS project<\/p>\n<h2><span style=\"color: #ff0000\">Informaci\u00f3n<\/span><\/h2>\n<p><strong>Correo:<\/strong> <span style=\"color: #0000ff\"><u>josue.benjamin@upr.edu<\/u><\/span><\/p>\t\t\t\t\t\t\t\t<\/div>\n\t\t\t\t<\/div>\n\t\t\t\t\t<\/div>\n\t\t<\/div>\n\t\t\t\t\t<\/div>\n\t\t<\/section>\n\t\t\t\t<\/div>\n\t\t","protected":false},"excerpt":{"rendered":"<p>Estudiante Graduado: Josu\u00e9 A. Benjam\u00edn Rivera El estudiante graduado Josu\u00e9 A. Benjam\u00edn Rivera en natural de San Juan, Puerto Rico. En el 2002, Josu\u00e9 comenz\u00f3 sus estudios en la Universidad de Puerto Rico Recinto de Humacao con especializaci\u00f3n en Qu\u00edmica &hellip; <\/p>\n","protected":false},"author":42,"featured_media":0,"parent":0,"menu_order":0,"comment_status":"closed","ping_status":"closed","template":"","meta":{"_bbp_topic_count":0,"_bbp_reply_count":0,"_bbp_total_topic_count":0,"_bbp_total_reply_count":0,"_bbp_voice_count":0,"_bbp_anonymous_reply_count":0,"_bbp_topic_count_hidden":0,"_bbp_reply_count_hidden":0,"_bbp_forum_subforum_count":0,"footnotes":""},"class_list":["post-10161","page","type-page","status-publish","hentry"],"_links":{"self":[{"href":"https:\/\/natsci.uprrp.edu\/cahreus\/wp-json\/wp\/v2\/pages\/10161","targetHints":{"allow":["GET"]}}],"collection":[{"href":"https:\/\/natsci.uprrp.edu\/cahreus\/wp-json\/wp\/v2\/pages"}],"about":[{"href":"https:\/\/natsci.uprrp.edu\/cahreus\/wp-json\/wp\/v2\/types\/page"}],"author":[{"embeddable":true,"href":"https:\/\/natsci.uprrp.edu\/cahreus\/wp-json\/wp\/v2\/users\/42"}],"replies":[{"embeddable":true,"href":"https:\/\/natsci.uprrp.edu\/cahreus\/wp-json\/wp\/v2\/comments?post=10161"}],"version-history":[{"count":7,"href":"https:\/\/natsci.uprrp.edu\/cahreus\/wp-json\/wp\/v2\/pages\/10161\/revisions"}],"predecessor-version":[{"id":10191,"href":"https:\/\/natsci.uprrp.edu\/cahreus\/wp-json\/wp\/v2\/pages\/10161\/revisions\/10191"}],"wp:attachment":[{"href":"https:\/\/natsci.uprrp.edu\/cahreus\/wp-json\/wp\/v2\/media?parent=10161"}],"curies":[{"name":"wp","href":"https:\/\/api.w.org\/{rel}","templated":true}]}}