{"id":20444,"date":"2025-10-15T18:44:40","date_gmt":"2025-10-15T18:44:40","guid":{"rendered":"https:\/\/natsci.uprrp.edu\/biology-new\/?page_id=20444"},"modified":"2025-10-15T18:44:40","modified_gmt":"2025-10-15T18:44:40","slug":"advanced-search","status":"publish","type":"page","link":"https:\/\/natsci.uprrp.edu\/biology\/advanced-search\/","title":{"rendered":"Advanced Search"},"content":{"rendered":"<div style='position:relative;' id='people_search-search' class='emd-form emd-container'><div class='form-alerts emd-form-success-error'><\/div><form id='people_search' action='\/biology\/wp-json\/wp\/v2\/pages\/20444' method='post' class='emd-form-container emd-form-horizontal'><input type='hidden' value='people_search' name='form_name' id='form_name_0'><input type='hidden' value='20730' name='emd_form_id' id='emd_form_id_0'><input type='hidden' value='campusdir_pro' name='emd_app' id='emd_app_0'><input type='hidden' value='emd_person' name='emd_ent' id='emd_ent_0'><input type='hidden' value='0' name='emd_step' id='emd_step_0'><input type=\"hidden\" id=\"people_search_0_nonce\" name=\"people_search_0_nonce\" value=\"63b7e2bde7\" \/><input type=\"hidden\" name=\"_wp_http_referer\" value=\"\/biology\/wp-json\/wp\/v2\/pages\/20444\" \/><div class=\"emd-form-row emd-row emd-ahp-row\"><div class=\"emd-form-field emd-col emd-md-12 emd-sm-12 emd-xs-12\" data-field=\"twitter\"><div class=\"emd-form-group\"><label class=\"emd-control-label twitter\" for=\"twitter\"><span id=\"label_twitter\">Twitter<\/span><span class=\"emd-fieldicons-wrap\">\n\t\t<a data-html=\"true\" href=\"#\" tabindex=-1 data-toggle=\"tooltip\" style=\"display:none;\" id=\"info_twitter\" class=\"helptip\">\n\t\t<span class=\"field-icons info\"><\/span><\/a><a href=\"#\" data-html=\"true\" tabindex=-1 data-toggle=\"tooltip\" title=\"Twitter field is required\" id=\"req_twitter\" class=\"helptip\" style=\"display:none;\">\n\t\t<span class=\"field-icons required\"><\/span>\n\t\t<\/a>\n\t\t<\/span>\n\t\t<\/label><input type=\"text\" name=\"people_search0_twitter\" class=\"text emd-ahp emd-input-md emd-form-control\" autocomplete=\"off\"\/><\/div><\/div><\/div><div class=\"emd-form-row emd-row\"><div class=\"emd-form-field emd-col emd-md-12 emd-sm-12 emd-xs-12\" data-field=\"emd_person_fname\"><div class=\"emd-form-group emd-input-group\"><label class=\"emd-control-label emd_person_fname\" for=\"emd_person_fname\" style=\"-webkit-box-flex:100%;-ms-flex:100%;flex:100%\"><span id=\"label_emd_person_fname\">First Name<\/span><span class=\"emd-fieldicons-wrap\">\n\t\t<a data-html=\"true\" href=\"#\" tabindex=-1 data-toggle=\"tooltip\" style=\"display:none;\" id=\"info_emd_person_fname\" class=\"helptip\">\n\t\t<span class=\"field-icons info\"><\/span><\/a><a href=\"#\" data-html=\"true\" tabindex=-1 data-toggle=\"tooltip\" title=\"First Name field is required\" id=\"req_emd_person_fname\" class=\"helptip\" style=\"display:none;\">\n\t\t<span class=\"field-icons required\"><\/span>\n\t\t<\/a>\n\t\t<\/span>\n\t\t<\/label><input type=\"text\" name=\"emd_person_fname\" class=\"text emd-input-md emd-form-control\" placeholder=\"First Name\" autocomplete=\"off\" style=\"-webkit-box-flex:1;-ms-flex:1;flex:1\"\/><input type=\"hidden\" name=\"opr__people_search_emd_person_fname\" id=\"opr__people_search_emd_person_fname\" value=\"like\"><div class=\"emd-input-group-append opr-md\" id=\"opr__people_search_emd_person_fname_div\"><button type=\"button\" class=\"emd-opr-toggle dropdown-toggle\" data-toggle=\"dropdown\">&#8776;&nbsp;<span class=\"caret\"><\/span><\/button><ul class=\"dropdown-menu dropdown-menu-right\" role=\"menu\" style=\"min-width:0;right: 0;top:98%;margin-top: 0;\"><li><a href=\"#\" onclick=\"return false;\" val=\"like\">&#8776;<\/a><\/li><li><a href=\"#\" onclick=\"return false;\" val=\"not_like\">!&#8776;<\/a><\/li><li><a href=\"#\" onclick=\"return false;\" val=\"is\">=<\/a><\/li><li><a href=\"#\" onclick=\"return false;\" val=\"is_not\">&#8800;<\/a><\/li><li><a href=\"#\" onclick=\"return false;\" val=\"begins\">Begins<\/a><\/li><li><a href=\"#\" onclick=\"return false;\" val=\"ends\">Ends<\/a><\/li><li><a href=\"#\" onclick=\"return false;\" val=\"word\">Word<\/a><\/li><\/ul><\/div><\/div><\/div><\/div><div class=\"emd-form-row emd-row\"><div class=\"emd-form-field emd-col emd-md-12 emd-sm-12 emd-xs-12\" data-field=\"emd_person_lname\"><div class=\"emd-form-group emd-input-group\"><label class=\"emd-control-label emd_person_lname\" for=\"emd_person_lname\" style=\"-webkit-box-flex:100%;-ms-flex:100%;flex:100%\"><span id=\"label_emd_person_lname\">Last Name<\/span><span class=\"emd-fieldicons-wrap\">\n\t\t<a data-html=\"true\" href=\"#\" tabindex=-1 data-toggle=\"tooltip\" style=\"display:none;\" id=\"info_emd_person_lname\" class=\"helptip\">\n\t\t<span class=\"field-icons info\"><\/span><\/a><a href=\"#\" data-html=\"true\" tabindex=-1 data-toggle=\"tooltip\" title=\"Last Name field is required\" id=\"req_emd_person_lname\" class=\"helptip\" style=\"display:none;\">\n\t\t<span class=\"field-icons required\"><\/span>\n\t\t<\/a>\n\t\t<\/span>\n\t\t<\/label><input type=\"text\" name=\"emd_person_lname\" class=\"text emd-input-md emd-form-control\" placeholder=\"Last Name\" autocomplete=\"off\" style=\"-webkit-box-flex:1;-ms-flex:1;flex:1\"\/><input type=\"hidden\" name=\"opr__people_search_emd_person_lname\" id=\"opr__people_search_emd_person_lname\" value=\"like\"><div class=\"emd-input-group-append opr-md\" id=\"opr__people_search_emd_person_lname_div\"><button type=\"button\" class=\"emd-opr-toggle dropdown-toggle\" data-toggle=\"dropdown\">&#8776;&nbsp;<span class=\"caret\"><\/span><\/button><ul class=\"dropdown-menu dropdown-menu-right\" role=\"menu\" style=\"min-width:0;right: 0;top:98%;margin-top: 0;\"><li><a href=\"#\" onclick=\"return false;\" val=\"like\">&#8776;<\/a><\/li><li><a href=\"#\" onclick=\"return false;\" val=\"not_like\">!&#8776;<\/a><\/li><li><a href=\"#\" onclick=\"return false;\" val=\"is\">=<\/a><\/li><li><a href=\"#\" onclick=\"return false;\" val=\"is_not\">&#8800;<\/a><\/li><li><a href=\"#\" onclick=\"return false;\" val=\"begins\">Begins<\/a><\/li><li><a href=\"#\" onclick=\"return false;\" val=\"ends\">Ends<\/a><\/li><li><a href=\"#\" onclick=\"return false;\" val=\"word\">Word<\/a><\/li><\/ul><\/div><\/div><\/div><\/div><div class=\"emd-form-row emd-row\"><div class=\"emd-form-field emd-col emd-md-12 emd-sm-12 emd-xs-12\" data-field=\"emd_person_type\"><div class=\"emd-form-group emd-input-group\"><label class=\"emd-control-label emd_person_type\" for=\"emd_person_type\" style=\"-webkit-box-flex:100%;-ms-flex:100%;flex:100%\"><span id=\"label_emd_person_type\">Person Type<\/span><span class=\"emd-fieldicons-wrap\">\n\t\t<a data-html=\"true\" href=\"#\" tabindex=-1 data-toggle=\"tooltip\" style=\"display:none;\" id=\"info_emd_person_type\" class=\"helptip\">\n\t\t<span class=\"field-icons info\"><\/span><\/a><a href=\"#\" data-html=\"true\" tabindex=-1 data-toggle=\"tooltip\" title=\"Person Type field is required\" id=\"req_emd_person_type\" class=\"helptip\" style=\"display:none;\">\n\t\t<span class=\"field-icons required\"><\/span>\n\t\t<\/a>\n\t\t<\/span>\n\t\t<\/label><select name=\"emd_person_type[]\" id=\"emd_person_type\" class=\"emd-input-md emd-form-control emd-select\" multiple placeholder=\"Person Type\" data-options=\"{\\\"allowClear\\\":true}\"><option value=\"faculty\">Faculty<\/option><option value=\"graduate-student\">Graduate Student<\/option><option value=\"staff\">Staff<\/option><option value=\"undergraduate-student\">Undergraduate Student<\/option><option value=\"alumni\">Alumni<\/option><\/select><\/div><\/div><\/div><div class=\"emd-form-row emd-row\"><div class=\"emd-form-field emd-col emd-md-12 emd-sm-12 emd-xs-12\" data-field=\"emd_person_email\"><div class=\"emd-form-group emd-input-group\"><label class=\"emd-control-label emd_person_email\" for=\"emd_person_email\" style=\"-webkit-box-flex:100%;-ms-flex:100%;flex:100%\"><span id=\"label_emd_person_email\">Email<\/span><span class=\"emd-fieldicons-wrap\">\n\t\t<a data-html=\"true\" href=\"#\" tabindex=-1 data-toggle=\"tooltip\" style=\"display:none;\" id=\"info_emd_person_email\" class=\"helptip\">\n\t\t<span class=\"field-icons info\"><\/span><\/a><a href=\"#\" data-html=\"true\" tabindex=-1 data-toggle=\"tooltip\" title=\"Email field is required\" id=\"req_emd_person_email\" class=\"helptip\" style=\"display:none;\">\n\t\t<span class=\"field-icons required\"><\/span>\n\t\t<\/a>\n\t\t<\/span>\n\t\t<\/label><input type=\"text\" name=\"emd_person_email\" class=\"text emd-input-md emd-form-control\" placeholder=\"Email\" autocomplete=\"off\" style=\"-webkit-box-flex:1;-ms-flex:1;flex:1\"\/><input type=\"hidden\" name=\"opr__people_search_emd_person_email\" id=\"opr__people_search_emd_person_email\" value=\"like\"><div class=\"emd-input-group-append opr-md\" id=\"opr__people_search_emd_person_email_div\"><button type=\"button\" class=\"emd-opr-toggle dropdown-toggle\" data-toggle=\"dropdown\">&#8776;&nbsp;<span class=\"caret\"><\/span><\/button><ul class=\"dropdown-menu dropdown-menu-right\" role=\"menu\" style=\"min-width:0;right: 0;top:98%;margin-top: 0;\"><li><a href=\"#\" onclick=\"return false;\" val=\"like\">&#8776;<\/a><\/li><li><a href=\"#\" onclick=\"return false;\" val=\"not_like\">!&#8776;<\/a><\/li><li><a href=\"#\" onclick=\"return false;\" val=\"is\">=<\/a><\/li><li><a href=\"#\" onclick=\"return false;\" val=\"is_not\">&#8800;<\/a><\/li><li><a href=\"#\" onclick=\"return false;\" val=\"begins\">Begins<\/a><\/li><li><a href=\"#\" onclick=\"return false;\" val=\"ends\">Ends<\/a><\/li><li><a href=\"#\" onclick=\"return false;\" val=\"word\">Word<\/a><\/li><\/ul><\/div><\/div><\/div><\/div><div class=\"emd-form-row emd-row\"><div class=\"emd-form-field emd-col emd-md-12 emd-sm-12 emd-xs-12\" data-field=\"person_area\"><div class=\"emd-form-group\"><label class=\"emd-control-label person_area\" for=\"person_area\"><span id=\"label_person_area\">Academic Area<\/span><span class=\"emd-fieldicons-wrap\">\n\t\t<a data-html=\"true\" href=\"#\" tabindex=-1 data-toggle=\"tooltip\" style=\"display:none;\" id=\"info_person_area\" class=\"helptip\">\n\t\t<span class=\"field-icons info\"><\/span><\/a><a href=\"#\" data-html=\"true\" tabindex=-1 data-toggle=\"tooltip\" title=\"Academic Area field is required\" id=\"req_person_area\" class=\"helptip\" style=\"display:none;\">\n\t\t<span class=\"field-icons required\"><\/span>\n\t\t<\/a>\n\t\t<\/span>\n\t\t<\/label><select name=\"person_area[]\" id=\"person_area\" class=\"emd-input-md emd-form-control emd-select\"  multiple placeholder=\"Academic Area\" data-options=\"{\\\"allowClear\\\":true}\"><option value=\"biol4990\">BIOL4990<\/option><option value=\"graduate-program\">Graduate Program<\/option><option value=\"undergraduate-program\">Undergraduate Program<\/option><\/select><\/div><\/div><\/div><div class=\"emd-form-row emd-row\"><div class=\"emd-form-field emd-col emd-md-12 emd-sm-12 emd-xs-12\" data-field=\"person_affiliation\"><div class=\"emd-form-group\"><label class=\"emd-control-label person_affiliation\" for=\"person_affiliation\"><span id=\"label_person_affiliation\">Affiliation<\/span><span class=\"emd-fieldicons-wrap\">\n\t\t<a data-html=\"true\" href=\"#\" tabindex=-1 data-toggle=\"tooltip\" style=\"display:none;\" id=\"info_person_affiliation\" class=\"helptip\">\n\t\t<span class=\"field-icons info\"><\/span><\/a><a href=\"#\" data-html=\"true\" tabindex=-1 data-toggle=\"tooltip\" title=\"Affiliation field is required\" id=\"req_person_affiliation\" class=\"helptip\" style=\"display:none;\">\n\t\t<span class=\"field-icons required\"><\/span>\n\t\t<\/a>\n\t\t<\/span>\n\t\t<\/label><select name=\"person_affiliation[]\" id=\"person_affiliation\" class=\"emd-input-md emd-form-control emd-select\"  multiple placeholder=\"Affiliation\" data-options=\"{\\\"allowClear\\\":true}\"><option value=\"university-of-puerto-rico-at-rio-piedras\">University of Puerto Rico at Rio Piedras<\/option><\/select><\/div><\/div><\/div><div class=\"emd-form-row emd-row\"><div class=\"emd-form-field emd-col emd-md-12 emd-sm-12 emd-xs-12\" data-field=\"person_appointment\"><div class=\"emd-form-group\"><label class=\"emd-control-label person_appointment\" for=\"person_appointment\"><span id=\"label_person_appointment\">Appointment Type<\/span><span class=\"emd-fieldicons-wrap\">\n\t\t<a data-html=\"true\" href=\"#\" tabindex=-1 data-toggle=\"tooltip\" style=\"display:none;\" id=\"info_person_appointment\" class=\"helptip\">\n\t\t<span class=\"field-icons info\"><\/span><\/a><a href=\"#\" data-html=\"true\" tabindex=-1 data-toggle=\"tooltip\" title=\"Appointment Type field is required\" id=\"req_person_appointment\" class=\"helptip\" style=\"display:none;\">\n\t\t<span class=\"field-icons required\"><\/span>\n\t\t<\/a>\n\t\t<\/span>\n\t\t<\/label><select name=\"person_appointment[]\" id=\"person_appointment\" class=\"emd-input-md emd-form-control emd-select\"  multiple placeholder=\"Appointment Type\" data-options=\"{\\\"allowClear\\\":true}\"><option value=\"tenured-track\">Tenured Track<\/option><option value=\"tenure-track\">Tenure Track<\/option><option value=\"non-tenure-track\">Non-Tenure Track<\/option><option value=\"joint\">Joint<\/option><option value=\"courtesy\">Courtesy<\/option><option value=\"contract\">Contract<\/option><\/select><\/div><\/div><\/div><div class=\"emd-form-row emd-row\"><div class=\"emd-form-field emd-col emd-md-12 emd-sm-12 emd-xs-12\" data-field=\"person_title\"><div class=\"emd-form-group\"><label class=\"emd-control-label person_title\" for=\"person_title\"><span id=\"label_person_title\">Title<\/span><span class=\"emd-fieldicons-wrap\">\n\t\t<a data-html=\"true\" href=\"#\" tabindex=-1 data-toggle=\"tooltip\" style=\"display:none;\" id=\"info_person_title\" class=\"helptip\">\n\t\t<span class=\"field-icons info\"><\/span><\/a><a href=\"#\" data-html=\"true\" tabindex=-1 data-toggle=\"tooltip\" title=\"Title field is required\" id=\"req_person_title\" class=\"helptip\" style=\"display:none;\">\n\t\t<span class=\"field-icons required\"><\/span>\n\t\t<\/a>\n\t\t<\/span>\n\t\t<\/label><select name=\"person_title[]\" id=\"person_title\" class=\"emd-input-md emd-form-control emd-select\"  multiple placeholder=\"Title\" data-options=\"{\\\"allowClear\\\":true}\"><option value=\"assistant-profesor\">Assistant Profesor<\/option><option value=\"full-professor\">Full Professor<\/option><option value=\"associate-professor\">Associate Professor<\/option><\/select><\/div><\/div><\/div><div class=\"emd-form-row emd-row\"><div class=\"emd-form-field emd-col emd-md-12 emd-sm-12 emd-xs-12\" data-field=\"person_rareas\"><div class=\"emd-form-group\"><label class=\"emd-control-label person_rareas\" for=\"person_rareas\"><span id=\"label_person_rareas\">Research Area<\/span><span class=\"emd-fieldicons-wrap\">\n\t\t<a data-html=\"true\" href=\"#\" tabindex=-1 data-toggle=\"tooltip\" style=\"display:none;\" id=\"info_person_rareas\" class=\"helptip\">\n\t\t<span class=\"field-icons info\"><\/span><\/a><a href=\"#\" data-html=\"true\" tabindex=-1 data-toggle=\"tooltip\" title=\"Research Area field is required\" id=\"req_person_rareas\" class=\"helptip\" style=\"display:none;\">\n\t\t<span class=\"field-icons required\"><\/span>\n\t\t<\/a>\n\t\t<\/span>\n\t\t<\/label><select name=\"person_rareas[]\" id=\"person_rareas\" class=\"emd-input-md emd-form-control emd-select\"  multiple placeholder=\"Research Area\" data-options=\"{\\\"allowClear\\\":true}\"><option value=\"conservation\">Conservation<\/option><option value=\"ecology\">Ecology<\/option><option value=\"systematics\">Systematics<\/option><option value=\"science-education\">Science Education<\/option><option value=\"cellular-and-molecular-biology\">Cellular and Molecular Biology<\/option><option value=\"microbiology\">Microbiology<\/option><option value=\"evolution-and-genetics\">Evolution and Genetics<\/option><option value=\"animal-behavior\">Animal Behavior<\/option><option value=\"neuroscience\">Neuroscience<\/option><option value=\"development\">Development<\/option><\/select><\/div><\/div><\/div><div class=\"emd-form-row emd-row\"><div class=\"emd-form-field emd-col emd-md-12 emd-sm-12 emd-xs-12\" data-field=\"emd_person_bio\"><div class=\"emd-form-group emd-input-group\"><label class=\"emd-control-label emd_person_bio\" for=\"emd_person_bio\" style=\"-webkit-box-flex:100%;-ms-flex:100%;flex:100%\"><span id=\"label_emd_person_bio\">Bio<\/span><span class=\"emd-fieldicons-wrap\">\n\t\t<a data-html=\"true\" href=\"#\" tabindex=-1 data-toggle=\"tooltip\" style=\"display:none;\" id=\"info_emd_person_bio\" class=\"helptip\">\n\t\t<span class=\"field-icons info\"><\/span><\/a><a href=\"#\" data-html=\"true\" tabindex=-1 data-toggle=\"tooltip\" title=\"Bio field is required\" id=\"req_emd_person_bio\" class=\"helptip\" style=\"display:none;\">\n\t\t<span class=\"field-icons required\"><\/span>\n\t\t<\/a>\n\t\t<\/span>\n\t\t<\/label><input type=\"text\" name=\"emd_person_bio\" class=\"text emd-input-md emd-form-control\" placeholder=\"Bio\" autocomplete=\"off\" style=\"-webkit-box-flex:1;-ms-flex:1;flex:1\"\/><input type=\"hidden\" name=\"opr__people_search_emd_person_bio\" id=\"opr__people_search_emd_person_bio\" value=\"like\"><div class=\"emd-input-group-append opr-md\" id=\"opr__people_search_emd_person_bio_div\"><button type=\"button\" class=\"emd-opr-toggle dropdown-toggle\" data-toggle=\"dropdown\">&#8776;&nbsp;<span class=\"caret\"><\/span><\/button><ul class=\"dropdown-menu dropdown-menu-right\" role=\"menu\" style=\"min-width:0;right: 0;top:98%;margin-top: 0;\"><li><a href=\"#\" onclick=\"return false;\" val=\"like\">&#8776;<\/a><\/li><li><a href=\"#\" onclick=\"return false;\" val=\"not_like\">!&#8776;<\/a><\/li><li><a href=\"#\" onclick=\"return false;\" val=\"is\">=<\/a><\/li><li><a href=\"#\" onclick=\"return false;\" val=\"is_not\">&#8800;<\/a><\/li><li><a href=\"#\" onclick=\"return false;\" val=\"begins\">Begins<\/a><\/li><li><a href=\"#\" onclick=\"return false;\" val=\"ends\">Ends<\/a><\/li><li><a href=\"#\" onclick=\"return false;\" val=\"word\">Word<\/a><\/li><\/ul><\/div><\/div><\/div><\/div><div class=\"emd-form-row emd-row\"><div class=\"emd-form-field emd-col emd-md-12 emd-sm-12 emd-xs-12\" data-field=\"career\"><div class=\"emd-form-group\"><label class=\"emd-control-label career\" for=\"career\"><span id=\"label_career\">Career<\/span><span class=\"emd-fieldicons-wrap\">\n\t\t<a data-html=\"true\" href=\"#\" tabindex=-1 data-toggle=\"tooltip\" style=\"display:none;\" id=\"info_career\" class=\"helptip\">\n\t\t<span class=\"field-icons info\"><\/span><\/a><a href=\"#\" data-html=\"true\" tabindex=-1 data-toggle=\"tooltip\" title=\"Career field is required\" id=\"req_career\" class=\"helptip\" style=\"display:none;\">\n\t\t<span class=\"field-icons required\"><\/span>\n\t\t<\/a>\n\t\t<\/span>\n\t\t<\/label><select name=\"career[]\" id=\"career\" class=\"emd-input-md emd-form-control emd-select\"  multiple placeholder=\"Career\" data-options=\"{\\\"allowClear\\\":true}\"><option value=\"undergraduate\">Undergraduate<\/option><option value=\"graduate\">Graduate<\/option><option value=\"graduate-school-of-business\">Graduate School of Business<\/option><option value=\"law-school\">Law School<\/option><option value=\"medical-school\">Medical School<\/option><\/select><\/div><\/div><\/div><div class=\"emd-form-row emd-row\"><div class=\"emd-form-field emd-col emd-md-12 emd-sm-12 emd-xs-12\" data-field=\"directory_tag\"><div class=\"emd-form-group\"><label class=\"emd-control-label directory_tag\" for=\"directory_tag\"><span id=\"label_directory_tag\">Directory Tag<\/span><span class=\"emd-fieldicons-wrap\">\n\t\t<a data-html=\"true\" href=\"#\" tabindex=-1 data-toggle=\"tooltip\" style=\"display:none;\" id=\"info_directory_tag\" class=\"helptip\">\n\t\t<span class=\"field-icons info\"><\/span><\/a><a href=\"#\" data-html=\"true\" tabindex=-1 data-toggle=\"tooltip\" title=\"Directory Tag field is required\" id=\"req_directory_tag\" class=\"helptip\" style=\"display:none;\">\n\t\t<span class=\"field-icons required\"><\/span>\n\t\t<\/a>\n\t\t<\/span>\n\t\t<\/label><select name=\"directory_tag[]\" id=\"directory_tag\" class=\"emd-input-md emd-form-control emd-select\"  multiple placeholder=\"Directory Tag\" data-options=\"{\\\"allowClear\\\":true}\"><option value=\"faculty\">Faculty<\/option><\/select><\/div><\/div><\/div><div class=\"emd-form-row emd-row\"><div class=\"emd-form-field emd-col emd-md-12 emd-sm-12 emd-xs-12\" data-field=\"rel_supervisor\"><div class=\"emd-form-group\"><label class=\"emd-control-label rel_supervisor\" for=\"rel_supervisor\"><span id=\"label_rel_supervisor\">Advisees<\/span><span class=\"emd-fieldicons-wrap\">\n\t\t<a data-html=\"true\" href=\"#\" tabindex=-1 data-toggle=\"tooltip\" title=\"Advisees\" id=\"info_rel_supervisor\" class=\"helptip\">\n\t\t<span class=\"field-icons info\"><\/span><\/a><a href=\"#\" data-html=\"true\" tabindex=-1 data-toggle=\"tooltip\" title=\"Advisees field is required\" id=\"req_rel_supervisor\" class=\"helptip\" style=\"display:none;\">\n\t\t<span class=\"field-icons required\"><\/span>\n\t\t<\/a>\n\t\t<\/span>\n\t\t<\/label><select name=\"rel_supervisor[]\" id=\"rel_supervisor\" class=\"emd-input-md emd-form-control emd-select\"  multiple placeholder=\"Advisees\" data-options=\"{\\\"allowClear\\\":true}\"><option value=\"\">Please select<\/option><option value=\"21108\">Alfredo Ghezzi Grau<\/option><option value=\"21094\">Carla Restrepo<\/option><option value=\"21130\">Carlos I. Gonz\u00e1lez<\/option><option value=\"21127\">Carmen S. Maldonado Vlaar<\/option><option value=\"21086\">Cristina Mart\u00ednez-Benito<\/option><option value=\"21083\">David Ortiz<\/option><option value=\"21099\">Elvira Cuevas<\/option><option value=\"21123\">Esther Peterson<\/option><option value=\"21119\">Eugenio Santiago<\/option><option value=\"21084\">Fabiola Areces<\/option><option value=\"21117\">Gary Toranzos<\/option><option value=\"21091\">Gisela Crespo<\/option><option value=\"21090\">Hector De Jes\u00fas<\/option><option value=\"21096\">Imilce De los Angeles Rodriguez Fernandez<\/option><option value=\"21102\">James Ackerman<\/option><option value=\"21129\">Jos\u00e9 A. Lasalde<\/option><option value=\"21121\">Jos\u00e9 A. Rodr\u00edguez Mart\u00ednez<\/option><option value=\"21135\">Jos\u00e9 Garc\u00eda Arrar\u00e1s<\/option><option value=\"21131\">Jose Luis Agosto<\/option><option value=\"21104\">Juan Ram\u00edrez Lugo<\/option><option value=\"21107\">Julio Lazcano<\/option><option value=\"21092\">Kelcie Chiquillo<\/option><option value=\"21087\">Maria Isabel Herrera<\/option><option value=\"21085\">Maria Ramirez Roman<\/option><option value=\"21098\">Michelle Borrero<\/option><option value=\"21103\">Miguel Urdaneta<\/option><option value=\"21100\">Paul Bayman<\/option><option value=\"21125\">Riccardo Papa<\/option><option value=\"21105\">Rosaura Ram\u00edrez<\/option><option value=\"21106\">Steven Massey<\/option><option value=\"21088\">Trevor Fristoe<\/option><option value=\"21115\">Tugrul Giray<\/option><\/select><\/div><\/div><\/div><div class=\"emd-row emd-form-row emd-form-submit-row\"><button class='emd-form-search emd-btn emd-btn-primary emd-btn-large' type='submit' value='submit' name='submit_people_search'><i class='fa fa-fw fas fa-search' aria-hidden='true'><\/i>Search<\/button><\/div><\/form><div class=\"emd-form-search-results\"><\/div><\/div><!--container-end-->\n","protected":false},"excerpt":{"rendered":"","protected":false},"author":4131,"featured_media":0,"parent":0,"menu_order":0,"comment_status":"closed","ping_status":"closed","template":"","meta":{"footnotes":""},"class_list":["post-20444","page","type-page","status-publish","hentry"],"_links":{"self":[{"href":"https:\/\/natsci.uprrp.edu\/biology\/wp-json\/wp\/v2\/pages\/20444","targetHints":{"allow":["GET"]}}],"collection":[{"href":"https:\/\/natsci.uprrp.edu\/biology\/wp-json\/wp\/v2\/pages"}],"about":[{"href":"https:\/\/natsci.uprrp.edu\/biology\/wp-json\/wp\/v2\/types\/page"}],"author":[{"embeddable":true,"href":"https:\/\/natsci.uprrp.edu\/biology\/wp-json\/wp\/v2\/users\/4131"}],"replies":[{"embeddable":true,"href":"https:\/\/natsci.uprrp.edu\/biology\/wp-json\/wp\/v2\/comments?post=20444"}],"version-history":[{"count":0,"href":"https:\/\/natsci.uprrp.edu\/biology\/wp-json\/wp\/v2\/pages\/20444\/revisions"}],"wp:attachment":[{"href":"https:\/\/natsci.uprrp.edu\/biology\/wp-json\/wp\/v2\/media?parent=20444"}],"curies":[{"name":"wp","href":"https:\/\/api.w.org\/{rel}","templated":true}]}}